{"id":565,"date":"2025-05-25T09:49:41","date_gmt":"2025-05-25T09:49:41","guid":{"rendered":"https:\/\/baldim.mg.gov.br\/wsite\/?page_id=565"},"modified":"2025-06-23T02:19:07","modified_gmt":"2025-06-23T02:19:07","slug":"administracao","status":"publish","type":"page","link":"https:\/\/baldim.mg.gov.br\/wsite\/?page_id=565","title":{"rendered":"ADMINISTRA\u00c7\u00c3O"},"content":{"rendered":"\t\t<div data-elementor-type=\"wp-page\" data-elementor-id=\"565\" class=\"elementor elementor-565\" data-elementor-settings=\"[]\">\n\t\t\t\t\t\t\t<div class=\"elementor-section-wrap\">\n\t\t\t\t\t\t\t<section class=\"elementor-section elementor-top-section elementor-element elementor-element-cb61a8d elementor-section-boxed elementor-section-height-default elementor-section-height-default wpr-particle-no wpr-jarallax-no wpr-parallax-no wpr-sticky-section-no\" data-id=\"cb61a8d\" data-element_type=\"section\">\n\t\t\t\t\t\t<div class=\"elementor-container elementor-column-gap-default\">\n\t\t\t\t\t<div class=\"elementor-column elementor-col-100 elementor-top-column elementor-element elementor-element-4dfe2c4\" data-id=\"4dfe2c4\" data-element_type=\"column\">\n\t\t\t<div class=\"elementor-widget-wrap\">\n\t\t\t\t\t\t\t\t\t<\/div>\n\t\t<\/div>\n\t\t\t\t\t\t\t<\/div>\n\t\t<\/section>\n\t\t\t\t<section class=\"elementor-section elementor-top-section elementor-element elementor-element-2aea5d3 elementor-section-boxed elementor-section-height-default elementor-section-height-default wpr-particle-no wpr-jarallax-no wpr-parallax-no wpr-sticky-section-no\" data-id=\"2aea5d3\" data-element_type=\"section\">\n\t\t\t\t\t\t<div class=\"elementor-container elementor-column-gap-default\">\n\t\t\t\t\t<div class=\"elementor-column elementor-col-50 elementor-top-column elementor-element elementor-element-0ae94e0\" data-id=\"0ae94e0\" data-element_type=\"column\">\n\t\t\t<div class=\"elementor-widget-wrap elementor-element-populated\">\n\t\t\t\t\t\t\t\t<div class=\"elementor-element elementor-element-28983ca elementor-widget elementor-widget-heading\" data-id=\"28983ca\" data-element_type=\"widget\" data-widget_type=\"heading.default\">\n\t\t\t\t<div class=\"elementor-widget-container\">\n\t\t\t<style>\/*! elementor - v3.5.4 - 23-01-2022 *\/\n.elementor-heading-title{padding:0;margin:0;line-height:1}.elementor-widget-heading .elementor-heading-title[class*=elementor-size-]>a{color:inherit;font-size:inherit;line-height:inherit}.elementor-widget-heading .elementor-heading-title.elementor-size-small{font-size:15px}.elementor-widget-heading .elementor-heading-title.elementor-size-medium{font-size:19px}.elementor-widget-heading .elementor-heading-title.elementor-size-large{font-size:29px}.elementor-widget-heading .elementor-heading-title.elementor-size-xl{font-size:39px}.elementor-widget-heading .elementor-heading-title.elementor-size-xxl{font-size:59px}<\/style><h2 class=\"elementor-heading-title elementor-size-default\">Prefeito Dr. Fabr\u00edcio<\/h2>\t\t<\/div>\n\t\t\t\t<\/div>\n\t\t\t\t<div class=\"elementor-element elementor-element-32f13f2 elementor-widget elementor-widget-text-editor\" data-id=\"32f13f2\" data-element_type=\"widget\" data-widget_type=\"text-editor.default\">\n\t\t\t\t<div class=\"elementor-widget-container\">\n\t\t\t<style>\/*! elementor - v3.5.4 - 23-01-2022 *\/\n.elementor-widget-text-editor.elementor-drop-cap-view-stacked .elementor-drop-cap{background-color:#818a91;color:#fff}.elementor-widget-text-editor.elementor-drop-cap-view-framed .elementor-drop-cap{color:#818a91;border:3px solid;background-color:transparent}.elementor-widget-text-editor:not(.elementor-drop-cap-view-default) .elementor-drop-cap{margin-top:8px}.elementor-widget-text-editor:not(.elementor-drop-cap-view-default) .elementor-drop-cap-letter{width:1em;height:1em}.elementor-widget-text-editor .elementor-drop-cap{float:left;text-align:center;line-height:1;font-size:50px}.elementor-widget-text-editor .elementor-drop-cap-letter{display:inline-block}<\/style>\t\t\t\t<div dir=\"auto\">\u00a0Fabr\u00edcio Andrade Magalh\u00e3es \u00e9 m\u00e9dico, graduado pela Universidade Federal de Minas Gerais. Candidato a cargo eletivo pela primeira vez nas elei\u00e7\u00f5es municipais 2020, foi eleito prefeito de Baldim para a administra\u00e7\u00e3o 2021-2024 pelo Partido Social Democr\u00e1tico (PSD), ao lado do vice prefeito Emerson Melo. Trabalha no munic\u00edpio desde 2012 com atua\u00e7\u00e3o na Estrat\u00e9gia de Sa\u00fade da Fam\u00edlia e no atendimento de Emerg\u00eancia e Urg\u00eancia. Reconhecido pela popula\u00e7\u00e3o por sua solidariedade, compromisso social e a\u00e7\u00f5es voltadas para os mais carentes, baseou sua campanha nas bandeiras de austeridade com o dinheiro p\u00fablico, participa\u00e7\u00e3o popular e aus\u00eancia de acordos pol\u00edticos e de privil\u00e9gios. Consciente da responsabilidade imposta pelo desejo de renova\u00e7\u00e3o pol\u00edtica dos eleitores baldinenses, o prefeito carrega em seu cotidiano os valores de sua profiss\u00e3o m\u00e9dica: Empatia e \u00c9tica.<\/div>\t\t\t\t\t\t<\/div>\n\t\t\t\t<\/div>\n\t\t\t\t\t<\/div>\n\t\t<\/div>\n\t\t\t\t<div class=\"elementor-column elementor-col-50 elementor-top-column elementor-element elementor-element-37e8049\" data-id=\"37e8049\" data-element_type=\"column\">\n\t\t\t<div class=\"elementor-widget-wrap elementor-element-populated\">\n\t\t\t\t\t\t\t\t<div class=\"elementor-element elementor-element-fe11975 elementor-widget elementor-widget-image\" data-id=\"fe11975\" data-element_type=\"widget\" data-widget_type=\"image.default\">\n\t\t\t\t<div class=\"elementor-widget-container\">\n\t\t\t<style>\/*! elementor - v3.5.4 - 23-01-2022 *\/\n.elementor-widget-image{text-align:center}.elementor-widget-image a{display:inline-block}.elementor-widget-image a img[src$=\".svg\"]{width:48px}.elementor-widget-image img{vertical-align:middle;display:inline-block}<\/style>\t\t\t\t\t\t\t\t\t\t\t\t<img loading=\"lazy\" decoding=\"async\" width=\"604\" height=\"599\" src=\"https:\/\/baldim.mg.gov.br\/wsite\/wp-content\/uploads\/2025\/06\/prfefeirt.jpeg\" class=\"attachment-large size-large\" alt=\"\" srcset=\"https:\/\/baldim.mg.gov.br\/wsite\/wp-content\/uploads\/2025\/06\/prfefeirt.jpeg 671w, https:\/\/baldim.mg.gov.br\/wsite\/wp-content\/uploads\/2025\/06\/prfefeirt-300x297.jpeg 300w, https:\/\/baldim.mg.gov.br\/wsite\/wp-content\/uploads\/2025\/06\/prfefeirt-150x150.jpeg 150w\" sizes=\"auto, (max-width: 604px) 100vw, 604px\" \/>\t\t\t\t\t\t\t\t\t\t\t\t\t\t\t<\/div>\n\t\t\t\t<\/div>\n\t\t\t\t\t<\/div>\n\t\t<\/div>\n\t\t\t\t\t\t\t<\/div>\n\t\t<\/section>\n\t\t\t\t<section class=\"elementor-section elementor-top-section elementor-element elementor-element-db65f87 elementor-section-boxed elementor-section-height-default elementor-section-height-default wpr-particle-no wpr-jarallax-no wpr-parallax-no wpr-sticky-section-no\" data-id=\"db65f87\" data-element_type=\"section\">\n\t\t\t\t\t\t<div class=\"elementor-container elementor-column-gap-default\">\n\t\t\t\t\t<div class=\"elementor-column elementor-col-50 elementor-top-column elementor-element elementor-element-7826134\" data-id=\"7826134\" data-element_type=\"column\">\n\t\t\t<div class=\"elementor-widget-wrap elementor-element-populated\">\n\t\t\t\t\t\t\t\t<div class=\"elementor-element elementor-element-629fd78 elementor-widget elementor-widget-heading\" data-id=\"629fd78\" data-element_type=\"widget\" data-widget_type=\"heading.default\">\n\t\t\t\t<div class=\"elementor-widget-container\">\n\t\t\t<h2 class=\"elementor-heading-title elementor-size-default\">Vice-prefeito Emerson Melo<\/h2>\t\t<\/div>\n\t\t\t\t<\/div>\n\t\t\t\t<div class=\"elementor-element elementor-element-63507cf elementor-widget elementor-widget-text-editor\" data-id=\"63507cf\" data-element_type=\"widget\" data-widget_type=\"text-editor.default\">\n\t\t\t\t<div class=\"elementor-widget-container\">\n\t\t\t\t\t\t\t<div dir=\"auto\">Emerson Melo, Filho de Celso Felipe do Gentio e Dona Mariza de Santana de Pirapama, \u00e9 irm\u00e3o mais velho de Josiane e do deputado estadual Douglas Melo. Sua liga\u00e7\u00e3o com Baldim vem desde a inf\u00e2ncia na casa de seu av\u00f4, o saudoso Sr. Felipe. &#8220;Cresci aqui, foi daqui do Gentio&#8217; que fortaleci minhas ra\u00edzes e meu amor por essa cidade e o respeito por nosso povo&#8221;.<\/div><div dir=\"auto\">No distrito de S\u00e3o Vicente, Emerson escreveu uma bonita p\u00e1gina em sua hist\u00f3ria, frequentando todas as festas tradicionais, al\u00e9m de iniciar sua trajet\u00f3ria no esporte amador, de onde saiu para jogador no Atl\u00e9tico Mineiro. Educador F\u00edsico por forma\u00e7\u00e3o, o esporte ser\u00e1 uma de suas principais bandeiras.<\/div><div dir=\"auto\">Emerson sabe que o esporte transforma vidas, traz esperan\u00e7a e realiza sonhos. Na\u201clida\u201d desde muito cedo, Emerson j\u00e1 trabalhou em lava-jatos, vendendo picol\u00e9s, instrutor de autoescola e promotor de eventos, sendo o respons\u00e1vel pela maior &#8220;Festa do Doce&#8221; j\u00e1 realizada na hist\u00f3ria da cidade, al\u00e9m de eventos em S\u00e3o Vicente, Baldim e Vargem Grande.<\/div><div dir=\"auto\">Foi servidor p\u00fablico federal e bra\u00e7o direito do Senador Rodrigo Pacheco (DEM), homem din\u00e2mico, competente e que vai estar ao lado dele e do Dr. Fabr\u00edcio para ajudar Baldim a crescer e avan\u00e7ar<\/div>\t\t\t\t\t\t<\/div>\n\t\t\t\t<\/div>\n\t\t\t\t\t<\/div>\n\t\t<\/div>\n\t\t\t\t<div class=\"elementor-column elementor-col-50 elementor-top-column elementor-element elementor-element-d9fb5fb\" data-id=\"d9fb5fb\" data-element_type=\"column\">\n\t\t\t<div class=\"elementor-widget-wrap elementor-element-populated\">\n\t\t\t\t\t\t\t\t<div class=\"elementor-element elementor-element-fd88dc8 elementor-widget elementor-widget-image\" data-id=\"fd88dc8\" data-element_type=\"widget\" data-widget_type=\"image.default\">\n\t\t\t\t<div class=\"elementor-widget-container\">\n\t\t\t\t\t\t\t\t\t\t\t\t\t\t\t<img loading=\"lazy\" decoding=\"async\" width=\"532\" height=\"517\" src=\"https:\/\/baldim.mg.gov.br\/wsite\/wp-content\/uploads\/2025\/06\/vice.jpg\" class=\"attachment-large size-large\" alt=\"\" srcset=\"https:\/\/baldim.mg.gov.br\/wsite\/wp-content\/uploads\/2025\/06\/vice.jpg 532w, https:\/\/baldim.mg.gov.br\/wsite\/wp-content\/uploads\/2025\/06\/vice-300x292.jpg 300w\" sizes=\"auto, (max-width: 532px) 100vw, 532px\" \/>\t\t\t\t\t\t\t\t\t\t\t\t\t\t\t<\/div>\n\t\t\t\t<\/div>\n\t\t\t\t\t<\/div>\n\t\t<\/div>\n\t\t\t\t\t\t\t<\/div>\n\t\t<\/section>\n\t\t\t\t\t\t<\/div>\n\t\t\t\t\t<\/div>\n\t\t","protected":false},"excerpt":{"rendered":"<p>Prefeito Dr. Fabr\u00edcio \u00a0Fabr\u00edcio Andrade Magalh\u00e3es \u00e9 m\u00e9dico, graduado pela Universidade Federal de Minas Gerais. Candidato a cargo eletivo pela primeira vez nas elei\u00e7\u00f5es municipais 2020, foi eleito prefeito de Baldim para<a class=\"moretag\" href=\"https:\/\/baldim.mg.gov.br\/wsite\/?page_id=565\">leia mais<\/a><\/p>\n","protected":false},"author":1,"featured_media":0,"parent":0,"menu_order":0,"comment_status":"closed","ping_status":"closed","template":"","meta":{"footnotes":""},"class_list":["post-565","page","type-page","status-publish","hentry"],"_links":{"self":[{"href":"https:\/\/baldim.mg.gov.br\/wsite\/index.php?rest_route=\/wp\/v2\/pages\/565","targetHints":{"allow":["GET"]}}],"collection":[{"href":"https:\/\/baldim.mg.gov.br\/wsite\/index.php?rest_route=\/wp\/v2\/pages"}],"about":[{"href":"https:\/\/baldim.mg.gov.br\/wsite\/index.php?rest_route=\/wp\/v2\/types\/page"}],"author":[{"embeddable":true,"href":"https:\/\/baldim.mg.gov.br\/wsite\/index.php?rest_route=\/wp\/v2\/users\/1"}],"replies":[{"embeddable":true,"href":"https:\/\/baldim.mg.gov.br\/wsite\/index.php?rest_route=%2Fwp%2Fv2%2Fcomments&post=565"}],"version-history":[{"count":7,"href":"https:\/\/baldim.mg.gov.br\/wsite\/index.php?rest_route=\/wp\/v2\/pages\/565\/revisions"}],"predecessor-version":[{"id":2049,"href":"https:\/\/baldim.mg.gov.br\/wsite\/index.php?rest_route=\/wp\/v2\/pages\/565\/revisions\/2049"}],"wp:attachment":[{"href":"https:\/\/baldim.mg.gov.br\/wsite\/index.php?rest_route=%2Fwp%2Fv2%2Fmedia&parent=565"}],"curies":[{"name":"wp","href":"https:\/\/api.w.org\/{rel}","templated":true}]}}

ADMINISTRAÇÃO

<div data-elementor-type="wp-page" data-elementor-id="565" class="elementor elementor-565" data-elementor-settings="[]">
							<div class="elementor-section-wrap">
							<section class="elementor-section elementor-top-section elementor-element elementor-element-cb61a8d elementor-section-boxed elementor-section-height-default elementor-section-height-default wpr-particle-no wpr-jarallax-no wpr-parallax-no wpr-sticky-section-no" data-id="cb61a8d" data-element_type="section">
						<div class="elementor-container elementor-column-gap-default">
					<div class="elementor-column elementor-col-100 elementor-top-column elementor-element elementor-element-4dfe2c4" data-id="4dfe2c4" data-element_type="column">
			<div class="elementor-widget-wrap">
									</div>
		</div>
							</div>
		</section>
				<section class="elementor-section elementor-top-section elementor-element elementor-element-2aea5d3 elementor-section-boxed elementor-section-height-default elementor-section-height-default wpr-particle-no wpr-jarallax-no wpr-parallax-no wpr-sticky-section-no" data-id="2aea5d3" data-element_type="section">
						<div class="elementor-container elementor-column-gap-default">
					<div class="elementor-column elementor-col-50 elementor-top-column elementor-element elementor-element-0ae94e0" data-id="0ae94e0" data-element_type="column">
			<div class="elementor-widget-wrap elementor-element-populated">
								<div class="elementor-element elementor-element-28983ca elementor-widget elementor-widget-heading" data-id="28983ca" data-element_type="widget" data-widget_type="heading.default">
				<div class="elementor-widget-container">
			<style>/*! elementor - v3.5.4 - 23-01-2022 */
.elementor-heading-title{padding:0;margin:0;line-height:1}.elementor-widget-heading .elementor-heading-title[class*=elementor-size-]>a{color:inherit;font-size:inherit;line-height:inherit}.elementor-widget-heading .elementor-heading-title.elementor-size-small{font-size:15px}.elementor-widget-heading .elementor-heading-title.elementor-size-medium{font-size:19px}.elementor-widget-heading .elementor-heading-title.elementor-size-large{font-size:29px}.elementor-widget-heading .elementor-heading-title.elementor-size-xl{font-size:39px}.elementor-widget-heading .elementor-heading-title.elementor-size-xxl{font-size:59px}</style><h2 class="elementor-heading-title elementor-size-default">Prefeito Dr. Fabrício</h2>		</div>
				</div>
				<div class="elementor-element elementor-element-32f13f2 elementor-widget elementor-widget-text-editor" data-id="32f13f2" data-element_type="widget" data-widget_type="text-editor.default">
				<div class="elementor-widget-container">
			<style>/*! elementor - v3.5.4 - 23-01-2022 */
.elementor-widget-text-editor.elementor-drop-cap-view-stacked .elementor-drop-cap{background-color:#818a91;color:#fff}.elementor-widget-text-editor.elementor-drop-cap-view-framed .elementor-drop-cap{color:#818a91;border:3px solid;background-color:transparent}.elementor-widget-text-editor:not(.elementor-drop-cap-view-default) .elementor-drop-cap{margin-top:8px}.elementor-widget-text-editor:not(.elementor-drop-cap-view-default) .elementor-drop-cap-letter{width:1em;height:1em}.elementor-widget-text-editor .elementor-drop-cap{float:left;text-align:center;line-height:1;font-size:50px}.elementor-widget-text-editor .elementor-drop-cap-letter{display:inline-block}</style>				<div dir="auto"> Fabrício Andrade Magalhães é médico, graduado pela Universidade Federal de Minas Gerais. Candidato a cargo eletivo pela primeira vez nas eleições municipais 2020, foi eleito prefeito de Baldim para a administração 2021-2024 pelo Partido Social Democrático (PSD), ao lado do vice prefeito Emerson Melo. Trabalha no município desde 2012 com atuação na Estratégia de Saúde da Família e no atendimento de Emergência e Urgência. Reconhecido pela população por sua solidariedade, compromisso social e ações voltadas para os mais carentes, baseou sua campanha nas bandeiras de austeridade com o dinheiro público, participação popular e ausência de acordos políticos e de privilégios. Consciente da responsabilidade imposta pelo desejo de renovação política dos eleitores baldinenses, o prefeito carrega em seu cotidiano os valores de sua profissão médica: Empatia e Ética.</div>						</div>
				</div>
					</div>
		</div>
				<div class="elementor-column elementor-col-50 elementor-top-column elementor-element elementor-element-37e8049" data-id="37e8049" data-element_type="column">
			<div class="elementor-widget-wrap elementor-element-populated">
								<div class="elementor-element elementor-element-fe11975 elementor-widget elementor-widget-image" data-id="fe11975" data-element_type="widget" data-widget_type="image.default">
				<div class="elementor-widget-container">
			<style>/*! elementor - v3.5.4 - 23-01-2022 */
.elementor-widget-image{text-align:center}.elementor-widget-image a{display:inline-block}.elementor-widget-image a img[src$=".svg"]{width:48px}.elementor-widget-image img{vertical-align:middle;display:inline-block}</style>												<img loading="lazy" decoding="async" width="604" height="599" src="https://baldim.mg.gov.br/wsite/wp-content/uploads/2025/06/prfefeirt.jpeg" class="attachment-large size-large" alt="" srcset="https://baldim.mg.gov.br/wsite/wp-content/uploads/2025/06/prfefeirt.jpeg 671w, https://baldim.mg.gov.br/wsite/wp-content/uploads/2025/06/prfefeirt-300x297.jpeg 300w, https://baldim.mg.gov.br/wsite/wp-content/uploads/2025/06/prfefeirt-150x150.jpeg 150w" sizes="auto, (max-width: 604px) 100vw, 604px" />															</div>
				</div>
					</div>
		</div>
							</div>
		</section>
				<section class="elementor-section elementor-top-section elementor-element elementor-element-db65f87 elementor-section-boxed elementor-section-height-default elementor-section-height-default wpr-particle-no wpr-jarallax-no wpr-parallax-no wpr-sticky-section-no" data-id="db65f87" data-element_type="section">
						<div class="elementor-container elementor-column-gap-default">
					<div class="elementor-column elementor-col-50 elementor-top-column elementor-element elementor-element-7826134" data-id="7826134" data-element_type="column">
			<div class="elementor-widget-wrap elementor-element-populated">
								<div class="elementor-element elementor-element-629fd78 elementor-widget elementor-widget-heading" data-id="629fd78" data-element_type="widget" data-widget_type="heading.default">
				<div class="elementor-widget-container">
			<h2 class="elementor-heading-title elementor-size-default">Vice-prefeito Emerson Melo</h2>		</div>
				</div>
				<div class="elementor-element elementor-element-63507cf elementor-widget elementor-widget-text-editor" data-id="63507cf" data-element_type="widget" data-widget_type="text-editor.default">
				<div class="elementor-widget-container">
							<div dir="auto">Emerson Melo, Filho de Celso Felipe do Gentio e Dona Mariza de Santana de Pirapama, é irmão mais velho de Josiane e do deputado estadual Douglas Melo. Sua ligação com Baldim vem desde a infância na casa de seu avô, o saudoso Sr. Felipe. &#8220;Cresci aqui, foi daqui do Gentio&#8217; que fortaleci minhas raízes e meu amor por essa cidade e o respeito por nosso povo&#8221;.</div><div dir="auto">No distrito de São Vicente, Emerson escreveu uma bonita página em sua história, frequentando todas as festas tradicionais, além de iniciar sua trajetória no esporte amador, de onde saiu para jogador no Atlético Mineiro. Educador Físico por formação, o esporte será uma de suas principais bandeiras.</div><div dir="auto">Emerson sabe que o esporte transforma vidas, traz esperança e realiza sonhos. Na“lida” desde muito cedo, Emerson já trabalhou em lava-jatos, vendendo picolés, instrutor de autoescola e promotor de eventos, sendo o responsável pela maior &#8220;Festa do Doce&#8221; já realizada na história da cidade, além de eventos em São Vicente, Baldim e Vargem Grande.</div><div dir="auto">Foi servidor público federal e braço direito do Senador Rodrigo Pacheco (DEM), homem dinâmico, competente e que vai estar ao lado dele e do Dr. Fabrício para ajudar Baldim a crescer e avançar</div>						</div>
				</div>
					</div>
		</div>
				<div class="elementor-column elementor-col-50 elementor-top-column elementor-element elementor-element-d9fb5fb" data-id="d9fb5fb" data-element_type="column">
			<div class="elementor-widget-wrap elementor-element-populated">
								<div class="elementor-element elementor-element-fd88dc8 elementor-widget elementor-widget-image" data-id="fd88dc8" data-element_type="widget" data-widget_type="image.default">
				<div class="elementor-widget-container">
															<img loading="lazy" decoding="async" width="532" height="517" src="https://baldim.mg.gov.br/wsite/wp-content/uploads/2025/06/vice.jpg" class="attachment-large size-large" alt="" srcset="https://baldim.mg.gov.br/wsite/wp-content/uploads/2025/06/vice.jpg 532w, https://baldim.mg.gov.br/wsite/wp-content/uploads/2025/06/vice-300x292.jpg 300w" sizes="auto, (max-width: 532px) 100vw, 532px" />															</div>
				</div>
					</div>
		</div>
							</div>
		</section>
						</div>
					</div>

<p>Prefeito Dr. Fabrício  Fabrício Andrade Magalhães é médico, graduado pela Universidade Federal de Minas Gerais. Candidato a cargo eletivo pela primeira vez nas eleições municipais 2020, foi eleito prefeito de Baldim para<a class="moretag" href="https://baldim.mg.gov.br/wsite/?page_id=565">leia mais</a></p>
