{"id":563,"date":"2025-05-25T09:49:41","date_gmt":"2025-05-25T09:49:41","guid":{"rendered":"https:\/\/baldim.mg.gov.br\/wsite\/?page_id=563"},"modified":"2025-06-04T14:51:21","modified_gmt":"2025-06-04T14:51:21","slug":"a-cidade","status":"publish","type":"page","link":"https:\/\/baldim.mg.gov.br\/wsite\/?page_id=563","title":{"rendered":"A CIDADE"},"content":{"rendered":"<h3 class=\"sppb-addon-title\">A Cidade<\/h3>\n<div class=\"sppb-addon-content\">\n<p>A cidade de Baldim foi fundada gra\u00e7as ao esfor\u00e7o, tenacidade e firme vontade de um homem, Bernadinho Martins de Almeida, mascate de origem portuguesa que se fixou na regi\u00e3o por ter contra\u00eddo n\u00fapcias com pessoa residente nas terras que fazem parte do Munic\u00edpio. Foi este portugu\u00eas que, enriquecido, edificou \u00e0s expensas pr\u00f3prias a Igreja que hoje \u00e9 a Matriz da cidade, doando para isto 18 alqueires de terra.<br \/>\nA constru\u00e7\u00e3o do referido templo iniciou-se em 1853. Com isto come\u00e7aram a surgir as primeiras habita\u00e7\u00f5es e algumas tavernas. Com o passar dos tempos, a constante movimenta\u00e7\u00e3o de tropas e passageiros, a salubridade do clima, a beleza de paisagem, contribu\u00edram para o \u00eaxito do ideal de Capit\u00e3o Bernadino, que, vindo a falecer em 1860, n\u00e3o assistiu \u00e0 sua concretiza\u00e7\u00e3o, o que s\u00f3 ocorreu em 1873. O primeiro nome dado a regi\u00e3o, foi Pau Grosso, oriundo de enorme \u00e1rvore, um jequitib\u00e1 gigante, que abrigava os tropeiros que passavam pela regi\u00e3o, rumo ao norte.<br \/>\nO nome Baldim surgiu em 1917, e nada mais \u00e9 sen\u00e3o a deturpa\u00e7\u00e3o pelo povo, do nome de Balduino ou Ubaldino, que, segundo consta, era um portugu\u00eas que morou no extremo do munic\u00edpio durante muito tempo, nome esse destitu\u00eddo de significa\u00e7\u00e3o hist\u00f3rica. Gent\u00edlico: baldinense<br \/>\nForma\u00e7\u00e3o Administrativa<br \/>\nDistrito criado com a denomina\u00e7\u00e3o de Pau Grosso, pela lei provincial 2002, de 15-11-1873 e por lei estadual n\u00ba 2, de 14-09-1891, subordinado ao munic\u00edpio de Santa Lu\u00edza do Rio das velhas.<br \/>\nEm divis\u00e3o administrativa referente ao ano de 1911,o distrito de Pau Grosso, figura no munic\u00edpio de Santa Lu\u00edza do Rio das Velhas.<br \/>\nPela lei estadual n\u00ba 703, de 17-09-1917, o distrito de Pau Grosso passou a chamar-se de Baldim.<br \/>\nNos quadros de apura\u00e7\u00e3o do recenseamento geral I-IX-1920, o distrito de Baldim ex-Pau Grosso, figura no munic\u00edpio de Santa Luzia do Rio dos Velhas.<br \/>\nPela lei estadual n\u00ba 860, de 09-09-1924, o munic\u00edpio de Santa Luzia do Rio das Velhas passou a denominar-se simplesmente Santa Luzia. Em divis\u00e3o administrativa referente ao ano de 1933, o distrito de Baldim, figura no munic\u00edpio de Santa Luzia do Rio das Velhas.<br \/>\nAssim permanecendo em divis\u00f5es territoriais datada de 31-XII-1736 e 31-XII-1737. Pelo decreto lei estadual n\u00ba 148, de 17-12-1938, o distrito de Baldim deixa de pertencer ao munic\u00edpio de Santa Luzia para ser anexado ao novo munic\u00edpio de Jaboticatubas. No quadro fixado para vigorar no per\u00edodo de 1939-1943, o distrito de Baldim, figura no munic\u00edpio de Jaboticatubas. .<br \/>\nElevado \u00e0 categoria de munic\u00edpio com a denomina\u00e7\u00e3o de Baldim de pela lei n\u00ba 336, de 27-12-1948, desmembrado de Jaboticatubas. Sede no antigo distrito de Baldim. Constitu\u00eddo de 2 distritos: Baldim e S\u00e3o Vicente, criado pela lei que criou o munic\u00edpio. Instalado em 01-01-1949.<br \/>\nEm divis\u00e3o territorial datada I-VII-1950, o munic\u00edpio \u00e9 constitu\u00eddo de 2 distritos: Baldim e S\u00e3o Vicente.<br \/>\nPela lei estadual n\u00ba 1039, de 12-12-1953, \u00e9 criado o distrito de Amanda (ex-povoado) e anexado ao munic\u00edpio de Baldim. Em divis\u00e3o territorial datada de 1-VII-1960, o munic\u00edpio \u00e9 constitu\u00eddo de 3 distritos: Baldim, Amanda e S\u00e3o Vicente. Assim permanecendo em divis\u00e3o territorial datada de 2007. Altera\u00e7\u00e3o topon\u00edmica distrital Pau Grosso para Baldim, alterado pela lei estadual n\u00ba 703,de 17-09-1917.<\/p>\n<p>Transfer\u00eancia distrital<\/p>\n<p>Pelo decreto lei estadual n\u00ba 148, de 17-12-1938, transfere o distrito de Baldim de munic\u00edpio de Santa Luzia para o de Jaboticabas. Baldim \u00e9 um munic\u00edpio brasileiro do estado de Minas Geais. Localizado no vetor norte da Regi\u00e3o Metropolitana de Belo Horizonte, historicamente conhecido pela larga produ\u00e7\u00e3o de hortifrutigranjeiro tem se destacado no econ\u00f4mico como grande produtor de doces, contando com oito grandes ind\u00fastrias que tem seus produtos distribu\u00eddos para o mercado regional, nacional e internacional.<\/p>\n<p>A uni\u00e3o de tr\u00eas sesmarias (R\u00f3tulo, Trindade e Zabel\u00ea) que deram origem ao munic\u00edpio de Baldim, anteriormente denominado de Pau Grosso, devido a uma parada de tropeiros que tinha \u00e0s margens do c\u00f3rrego do Pau Grosso um enorme Jequitib\u00e1 onde descansavam de suas jornadas pela Estrada Real que cortava o munic\u00edpio. Na fazenda Zabel\u00ea havia um Registro da Coroa Portuguesa que recolhia tributos dos negociantes que pela regi\u00e3o passavam.<br \/>\nA cidade fica pr\u00f3xima \u00e0 Serra do Cip\u00f3, atra\u00e7\u00e3o natural da regi\u00e3o. O munic\u00edpio apresenta um potencial tur\u00edstico com in\u00fameras escava\u00e7\u00f5es rochosas, grutas e sumidouro, tamb\u00e9m possui s\u00edtios arqueol\u00f3gicos cadastrados no IPHAN, ru\u00ednas de casas subterr\u00e2neas e achados do per\u00edodo pr\u00e9-colonial, remanescentes estruturas de lavras de ouro conserva fragmentos da passagem do desbravador, Manuel Borba Gato como escava\u00e7\u00f5es, aquedutos que serviam conduziam \u00e1gua nas escava\u00e7\u00f5es das Minas do Rio das Velhas, datada de 1711, aproximadamente.<br \/>\nApresenta uma estrutura de apoio tur\u00edstico, como hot\u00e9is, pousadas, Col\u00f4nia de F\u00e9rias, restaurantes e um bom acesso rodovi\u00e1rio.<br \/>\nTempo: 18 \u00b0C, vento L a 14 km\/h, umidade de 61%<br \/>\nUnidade federativa: Minas Gerais<br \/>\nMesorregi\u00e3o: Metropolitana de Belo Horizonte IBGE\/2008<br \/>\nMicrorregi\u00e3o: Sete Lagoas IBGE\/2008<br \/>\nAnivers\u00e1rio: 1 de janeiro de 1949<br \/>\nFunda\u00e7\u00e3o: 27 de dezembro de 1948<br \/>\nDist\u00e2ncia at\u00e9 a capital: 95 km<br \/>\nPopula\u00e7\u00e3o: 8.093 (2013)<br \/>\nHot\u00e9is: 3 estrelas por uma m\u00e9dia de R$294.<\/p>\n<\/div>\n<p><img loading=\"lazy\" decoding=\"async\" class=\"alignnone size-large wp-image-624\" src=\"https:\/\/baldim.mg.gov.br\/wsite\/wp-content\/uploads\/2025\/06\/bann-1024x683.jpg\" alt=\"\" width=\"604\" height=\"403\" srcset=\"https:\/\/baldim.mg.gov.br\/wsite\/wp-content\/uploads\/2025\/06\/bann-1024x683.jpg 1024w, https:\/\/baldim.mg.gov.br\/wsite\/wp-content\/uploads\/2025\/06\/bann-300x200.jpg 300w, https:\/\/baldim.mg.gov.br\/wsite\/wp-content\/uploads\/2025\/06\/bann-768x512.jpg 768w, https:\/\/baldim.mg.gov.br\/wsite\/wp-content\/uploads\/2025\/06\/bann-1536x1024.jpg 1536w, https:\/\/baldim.mg.gov.br\/wsite\/wp-content\/uploads\/2025\/06\/bann-2048x1365.jpg 2048w\" sizes=\"auto, (max-width: 604px) 100vw, 604px\" \/><\/p>\n","protected":false},"excerpt":{"rendered":"<p>A Cidade A cidade de Baldim foi fundada gra\u00e7as ao esfor\u00e7o, tenacidade e firme vontade de um homem, Bernadinho Martins de Almeida, mascate de origem portuguesa que se fixou na regi\u00e3o por<a class=\"moretag\" href=\"https:\/\/baldim.mg.gov.br\/wsite\/?page_id=563\">leia mais<\/a><\/p>\n","protected":false},"author":1,"featured_media":0,"parent":0,"menu_order":0,"comment_status":"closed","ping_status":"closed","template":"","meta":{"footnotes":""},"class_list":["post-563","page","type-page","status-publish","hentry"],"_links":{"self":[{"href":"https:\/\/baldim.mg.gov.br\/wsite\/index.php?rest_route=\/wp\/v2\/pages\/563","targetHints":{"allow":["GET"]}}],"collection":[{"href":"https:\/\/baldim.mg.gov.br\/wsite\/index.php?rest_route=\/wp\/v2\/pages"}],"about":[{"href":"https:\/\/baldim.mg.gov.br\/wsite\/index.php?rest_route=\/wp\/v2\/types\/page"}],"author":[{"embeddable":true,"href":"https:\/\/baldim.mg.gov.br\/wsite\/index.php?rest_route=\/wp\/v2\/users\/1"}],"replies":[{"embeddable":true,"href":"https:\/\/baldim.mg.gov.br\/wsite\/index.php?rest_route=%2Fwp%2Fv2%2Fcomments&post=563"}],"version-history":[{"count":2,"href":"https:\/\/baldim.mg.gov.br\/wsite\/index.php?rest_route=\/wp\/v2\/pages\/563\/revisions"}],"predecessor-version":[{"id":693,"href":"https:\/\/baldim.mg.gov.br\/wsite\/index.php?rest_route=\/wp\/v2\/pages\/563\/revisions\/693"}],"wp:attachment":[{"href":"https:\/\/baldim.mg.gov.br\/wsite\/index.php?rest_route=%2Fwp%2Fv2%2Fmedia&parent=563"}],"curies":[{"name":"wp","href":"https:\/\/api.w.org\/{rel}","templated":true}]}}