{"id":2916,"date":"2025-07-01T01:03:37","date_gmt":"2025-07-01T01:03:37","guid":{"rendered":"https:\/\/baldim.mg.gov.br\/wsite\/?page_id=2916"},"modified":"2025-07-01T01:38:15","modified_gmt":"2025-07-01T01:38:15","slug":"decretos-2022","status":"publish","type":"page","link":"https:\/\/baldim.mg.gov.br\/wsite\/?page_id=2916","title":{"rendered":"Decretos 2022"},"content":{"rendered":"\t\t<div data-elementor-type=\"wp-page\" data-elementor-id=\"2916\" class=\"elementor elementor-2916\" data-elementor-settings=\"[]\">\n\t\t\t\t\t\t\t<div class=\"elementor-section-wrap\">\n\t\t\t\t\t\t\t<section class=\"elementor-section elementor-top-section elementor-element elementor-element-aa90643 elementor-section-boxed elementor-section-height-default elementor-section-height-default wpr-particle-no wpr-jarallax-no wpr-parallax-no wpr-sticky-section-no\" data-id=\"aa90643\" data-element_type=\"section\">\n\t\t\t\t\t\t<div class=\"elementor-container elementor-column-gap-default\">\n\t\t\t\t\t<div class=\"elementor-column elementor-col-100 elementor-top-column elementor-element elementor-element-d2b81af\" data-id=\"d2b81af\" data-element_type=\"column\">\n\t\t\t<div class=\"elementor-widget-wrap elementor-element-populated\">\n\t\t\t\t\t\t\t\t\t<\/div>\n\t\t<\/div>\n\t\t\t\t\t\t\t<\/div>\n\t\t<\/section>\n\t\t\t\t<section class=\"elementor-section elementor-top-section elementor-element elementor-element-609ab13 elementor-section-boxed elementor-section-height-default elementor-section-height-default wpr-particle-no wpr-jarallax-no wpr-parallax-no wpr-sticky-section-no\" data-id=\"609ab13\" data-element_type=\"section\">\n\t\t\t\t\t\t<div class=\"elementor-container elementor-column-gap-default\">\n\t\t\t\t\t<div class=\"elementor-column elementor-col-100 elementor-top-column elementor-element elementor-element-4108f16\" data-id=\"4108f16\" data-element_type=\"column\">\n\t\t\t<div class=\"elementor-widget-wrap elementor-element-populated\">\n\t\t\t\t\t\t\t\t<div class=\"elementor-element elementor-element-10ba278 elementor-widget elementor-widget-text-editor\" data-id=\"10ba278\" data-element_type=\"widget\" data-widget_type=\"text-editor.default\">\n\t\t\t\t<div class=\"elementor-widget-container\">\n\t\t\t<style>\/*! elementor - v3.5.4 - 23-01-2022 *\/\n.elementor-widget-text-editor.elementor-drop-cap-view-stacked .elementor-drop-cap{background-color:#818a91;color:#fff}.elementor-widget-text-editor.elementor-drop-cap-view-framed .elementor-drop-cap{color:#818a91;border:3px solid;background-color:transparent}.elementor-widget-text-editor:not(.elementor-drop-cap-view-default) .elementor-drop-cap{margin-top:8px}.elementor-widget-text-editor:not(.elementor-drop-cap-view-default) .elementor-drop-cap-letter{width:1em;height:1em}.elementor-widget-text-editor .elementor-drop-cap{float:left;text-align:center;line-height:1;font-size:50px}.elementor-widget-text-editor .elementor-drop-cap-letter{display:inline-block}<\/style>\t\t\t\t<p>Decretos municipais 2022<\/p>\n<table style=\"background-color: #f1eeee; border: 2px solid #000000; margin-left: auto; margin-right: auto;\" rules=\"all\">\n<tbody>\n<tr>\n<td><a href=\"portaltransparencia2022\/decretos2022\/Decreton042022.pdf\">042022<\/a>&nbsp;<\/td>\n<td>\n<p>REGULAMENTA A AVALIA\u00c7\u00c3O DE DESEMPENHO INDIVIDUAL \u2013 ADI DOS SERVIDORES DA PREFEITURA DA PREFEITURA MUNICIPAL DE BALDIM.<\/p>\n<\/td>\n<\/tr>\n<tr>\n<td><a href=\"portaltransparencia2022\/decretos2022\/158.pdf\">158 de 16\/05\/2022<\/a><\/td>\n<td>Disp\u00f5e sobre nomea\u00e7\u00f5es de servidores para cargos em comiss\u00e3o.<\/td>\n<\/tr>\n<tr>\n<td><a href=\"portaltransparencia2022\/decretos2022\/157.pdf\">157 de 16\/05\/2022<\/a><\/td>\n<td>\n<p>Disp\u00f5e sobre exonera\u00e7\u00f5es de servidores para cargos em comiss\u00e3o.<\/p>\n<\/td>\n<\/tr>\n<tr>\n<td><a href=\"portaltransparencia2022\/decretos2022\/146.pdf\">146 de 17\/11\/2022<\/a><\/td>\n<td>Declara situa\u00e7\u00e3o de emerg\u00eancia no Munic\u00edpio de Baldim\/MG, em decorr\u00eancia dos efeitos das chuvas intensas.<\/td>\n<\/tr>\n<tr>\n<td><a href=\"portaltransparencia2022\/decretos2022\/144.pdf\">144 de 08\/11\/2022<\/a><\/td>\n<td>Declara ponto facultativo nas reparti\u00e7\u00f5es p\u00fablicas municipais.<\/td>\n<\/tr>\n<tr>\n<td><a href=\"portaltransparencia2022\/decretos2022\/143.pdf\">143 de 01\/11\/2022<\/a><\/td>\n<td>Disp\u00f5e sobre nomea\u00e7\u00f5es de servidores para cargos em comiss\u00e3o.<\/td>\n<\/tr>\n<tr>\n<td><a href=\"portaltransparencia2022\/decretos2022\/142.pdf\">142 de 01\/11\/2022<\/a><\/td>\n<td>Disp\u00f5e sobre exonera\u00e7\u00f5es de servidores para cargos em comiss\u00e3o.<\/td>\n<\/tr>\n<tr>\n<td><a href=\"portaltransparencia2022\/decretos2022\/137.pdf\">137 de 20\/10\/2022<\/a><\/td>\n<td>Disp\u00f5e sobre expediente nas reparti\u00e7\u00f5es p\u00fablicas do munic\u00edpio de Baldim-MG. Dia do Servidor P\u00fablico.<\/td>\n<\/tr>\n<tr>\n<td><a href=\"portaltransparencia2022\/decretos2022\/136.pdf\">136 de 19\/10\/2022<\/a><\/td>\n<td>Declara\u00e7\u00e3o de dom\u00ednio p\u00fablico para fins de regulariza\u00e7\u00e3o e registro do im\u00f3vel.<\/td>\n<\/tr>\n<tr>\n<td><a href=\"portaltransparencia2022\/decretos2022\/145.pdf\">145 de 16\/10\/2022<\/a><\/td>\n<td>&#8220;Disp\u00f5e sobre o hor\u00e1rio de expediente nas reparti\u00e7\u00f5es P\u00fablicas Municipais nos dias e jogos da sele\u00e7\u00e3o Brasileira durante a copa do Mundo de 2022, e d\u00e1 outras provid\u00eancias.&#8221;<\/td>\n<\/tr>\n<tr>\n<td><a href=\"portaltransparencia2022\/decretos2022\/decreton1352022impedimentodelicitararmazem.pdf\">135 de 18\/10\/2022<\/a><\/td>\n<td>Aplica pena de impedimento de licitar e contratar com a Administra\u00e7\u00e3o P\u00fablica e d\u00e1 outras provid\u00eancias.<\/td>\n<\/tr>\n<tr>\n<td><a href=\"portaltransparencia2022\/decretos2022\/132.pdf\">132 de 03\/10\/2022<\/a><\/td>\n<td>Estabelece crit\u00e9rios de m\u00e9rito e desempenho para a escolha de Diretor Escolar.<\/td>\n<\/tr>\n<tr>\n<td><a href=\"portaltransparencia2022\/decretos2022\/126.pdf\">126 de 28\/09\/2022<\/a><\/td>\n<td>Disp\u00f5e sobre nomea\u00e7\u00e3o da comiss\u00e3o de regulariza\u00e7\u00e3o fundi\u00e1ria de interesse Social- REURB do Munic\u00edpio de Baldim, Estado de Minas Gerais.<\/td>\n<\/tr>\n<tr>\n<td><a href=\"portaltransparencia2022\/decretos2022\/120.pdf\">120 de 26\/08\/2022<\/a><\/td>\n<td>\n<p>Regulamenta o uso de m\u00e1scaras no Munic\u00edpio de Baldim\/MG.<\/p>\n<\/td>\n<\/tr>\n<tr>\n<td><a href=\"portaltransparencia2022\/decretos2022\/119.pdf\">119 de 24\/08\/2022<\/a><\/td>\n<td>\n<p>119: Regulamenta a modalidade preg\u00e3o na forma eletr\u00f4nica, e d\u00e1 outras provid\u00eancias.<\/p>\n<\/td>\n<\/tr>\n<tr>\n<td><a href=\"portaltransparencia2022\/decretos2022\/113.pdf\">113 de 01\/08\/2022<\/a><\/td>\n<td>Nomea\u00e7\u00e3o dos membros para compor a Equipe T\u00e9cnica respons\u00e1vel pelo monitoramento avalia\u00e7\u00e3o do Plano Municipal Decenal de Educa\u00e7\u00e3o.<\/td>\n<\/tr>\n<tr>\n<td><a href=\"portaltransparencia2022\/decretos2022\/112.pdf\">112 de 01\/08\/2022<\/a><\/td>\n<td>Disp\u00f5e sobre concess\u00e3o de espa\u00e7o p\u00fablico para fins de estacionamento exclusivo para t\u00e1xis credenciados no munic\u00edpo de Baldim\/MG.<\/td>\n<\/tr>\n<tr>\n<td><a href=\"portaltransparencia2022\/decretos2022\/106.pdf\">106 \/ 2022<\/a><\/td>\n<td>Disp\u00f5e sobre exonera\u00e7\u00e3o de servidor em cargo em comiss\u00e3o.<\/td>\n<\/tr>\n<tr>\n<td><a href=\"portaltransparencia2022\/decretos2022\/105.pdf\">105 de 26\/07\/2022<\/a><\/td>\n<td>\n<p>Disp\u00f5e sobre a altera\u00e7\u00e3o do decreto N\u00ba 071, de 01 de Fevereiro de 2021 e d\u00e1 outras provid\u00eancias.<\/p>\n<\/td>\n<\/tr>\n<tr>\n<td><a href=\"portaltransparencia2022\/decretos2022\/104.pdf\">104 de 19\/07\/2022<\/a><\/td>\n<td>Nomeia o conselho de acompanhamento e controle social do FUNDEB<\/td>\n<\/tr>\n<tr>\n<td><a href=\"portaltransparencia2022\/decretos2022\/103.pdf\">103 de 19\/07\/2022<\/a><\/td>\n<td>Aplica pena de impedimento de licitar e contratar com a administra\u00e7\u00e3o p\u00fablica e d\u00e1 outras provid\u00eancias.<\/td>\n<\/tr>\n<tr>\n<td><a href=\"portaltransparencia2022\/decretos2022\/102.pdf\">102 de 01\/07\/2022<\/a><\/td>\n<td>Disp\u00f5e sobre nomea\u00e7\u00e3o de cargo em comiss\u00e3o Procurador Geral do Munic\u00edpio.<\/td>\n<\/tr>\n<tr>\n<td><a href=\"portaltransparencia2022\/decretos2022\/100.pdf\">100 de 01\/07\/2022<\/a><\/td>\n<td>\n<p>Disp\u00f5e sobre exonera\u00e7\u00e3o de cargo em comiss\u00e3o- Procurador Geral do Munic\u00edpio.<\/p>\n<\/td>\n<\/tr>\n<tr>\n<td><a href=\"portaltransparencia2022\/decretos2022\/093.pdf\">093 de 24\/06\/2022<\/a><\/td>\n<td>\n<p>Disp\u00f5e sobre a celebra\u00e7\u00e3o de parcerias, no \u00e2mbito do Poder Executivo Municipal, entre a Administra\u00e7\u00e3o P\u00fablica do Munic\u00edpio de Baldim e organiza\u00e7\u00f5es da sociedade civil, em regime de m\u00fatua coopera\u00e7\u00e3o, para a consecu\u00e7\u00e3o de finalidades de interesse p\u00fablico e rec\u00edproco, mediante a execu\u00e7\u00e3o de atividades ou de projetos previamente estabelecidos em planos de trabalho inseridos em termos de colabora\u00e7\u00e3o, em termos de fomento ou em acordos de coopera\u00e7\u00e3o, em conson\u00e2ncia com a Lei Federal n\u00b0 13.019, de 31 de julho de 2014.<\/p>\n<\/td>\n<\/tr>\n<tr>\n<td><a href=\"portaltransparencia2022\/decretos2022\/090.pdf\">090 de 20\/06\/2022<\/a><\/td>\n<td>Nomeia ordenador de despesas da Secretaria Municipal de Educa\u00e7\u00e3o.<\/td>\n<\/tr>\n<tr>\n<td><a href=\"portaltransparencia2022\/decretos2022\/089.pdf\">089 de 20\/06\/2022<\/a><\/td>\n<td>Nomeia servidor para a&nbsp; liquida\u00e7\u00e3o de empenho na Secretaria Municipal de Educa\u00e7\u00e3o, Cultura, Esportes, Lazer e Eventos.<\/td>\n<\/tr>\n<tr>\n<td><a href=\"portaltransparencia2022\/decretos2022\/088.pdf\">088 de 20\/06\/2022<\/a><\/td>\n<td>Disp\u00f5e sobre nomea\u00e7\u00e3o de Agente Pol\u00edtico- Secret\u00e1rio Municipal de Educa\u00e7\u00e3o, Cultura, Esportes, Lazer e Eventos.<\/td>\n<\/tr>\n<tr>\n<td><a href=\"portaltransparencia2022\/decretos2022\/087.pdf\">087 de 20\/06\/2022<\/a><\/td>\n<td>\n<p>Declara de interesse social a Piscicultura no Munic\u00edpio de Baldim\/MG.<\/p>\n<\/td>\n<\/tr>\n<tr>\n<td><a href=\"portaltransparencia2022\/decretos2022\/086.pdf\">086\/2022<\/a><\/td>\n<td>Disp\u00f5e sobre exonera\u00e7\u00e3o de Agente Pol\u00edtico- Secret\u00e1rio Municipal de Educa\u00e7\u00e3o, Cultura, Esportes, Lazer e Eventos.&nbsp;<\/td>\n<\/tr>\n<tr>\n<td><a href=\"portaltransparencia2022\/decretos2022\/085.pdf\">085 de 14\/06\/2022<\/a><\/td>\n<td>Disp\u00f5e sobre a concess\u00e3o de uso gratuito do trailer situado \u00e0 pra\u00e7a Coronel Caetano mascarenhas, n10, no distrito de S\u00e3o Vicente &#8211; Baldim.<\/td>\n<\/tr>\n<tr>\n<td><a href=\"portaltransparencia2022\/decretos2022\/084.pdf\">084 de 14\/06\/2022<\/a><\/td>\n<td>Regulamenta o uso obrigat\u00f3rio de m\u00e1scaras em ambientes fechados no Munic\u00edpio de Baldim\/MG.<\/td>\n<\/tr>\n<tr>\n<td><a href=\"portaltransparencia2022\/decretos2022\/083.pdf\">083 de 07\/06\/2022<\/a><\/td>\n<td>Declara de utilidade p\u00fablica para fins de institui\u00e7\u00e3o de servid\u00e3o de passagem a confronta\u00e7\u00e3o descrita no memorial descrito da propriet\u00e1ria Meyre L\u00facia Teotonino- EIRELI- EPP CPF\/CNPJ 172524340001- 81 Munic\u00edpio: Baldim&nbsp; Comarca: Sete Lagoas UF: MG \u00c1REAS TOTAL (m\u00b2): 7,607,34 PER\u00cdMETRO (m):1751,17.<\/td>\n<\/tr>\n<tr>\n<td><a href=\"portaltransparencia2022\/decretos2022\/082.pdf\">082 de 07\/06\/2022<\/a><\/td>\n<td>\n<p>Declara Ponto Facultativo nas reparti\u00e7\u00f5es p\u00fablicas Municipais- Corpus Christi.<\/p>\n<\/td>\n<\/tr>\n<tr>\n<td><a href=\"portaltransparencia2022\/decretos2022\/081.pdf\">081 de 02\/06\/2022<\/a><\/td>\n<td>Nomeia servidor para a liquida\u00e7\u00e3o de empenho na Secretaria Municipal de Agricultura.<\/td>\n<\/tr>\n<tr>\n<td><a href=\"portaltransparencia2022\/decretos2022\/080.pdf\">080 de 02\/06\/2022<\/a><\/td>\n<td>\n<p>Disp\u00f5e sobre nomea\u00e7\u00e3o de Agente Pol\u00edtico- Secret\u00e1rio Municipal de Agricultura.<\/p>\n<\/td>\n<\/tr>\n<tr>\n<td><a href=\"portaltransparencia2022\/decretos2022\/072.pdf\">072 de 01\/06\/2022<\/a><\/td>\n<td>\n<p>Disp\u00f5e sobre exonera\u00e7\u00e3o de Agente Pol\u00edtico &#8211; Secret\u00e1rio Municipal de Meio Ambiente.<\/p>\n<\/td>\n<\/tr>\n<tr>\n<td><a href=\"portaltransparencia2022\/decretos2022\/071.pdf\">071 de 01\/06\/2022<\/a><\/td>\n<td>Disp\u00f5e sobre exonera\u00e7\u00e3o de Agente pol\u00edtico- Secret\u00e1rio Municipal de Agricultura.<\/td>\n<\/tr>\n<tr>\n<td><a href=\"portaltransparencia2022\/decretos2022\/070.pdf\">070 de 27\/05\/2022<\/a><\/td>\n<td>\n<p>Regulamenta o regimento do Transporte Escolar no Munic\u00edpio de Baldim e d\u00e1 outras provid\u00eancias.<\/p>\n<\/td>\n<\/tr>\n<tr>\n<td><a href=\"portaltransparencia2022\/decretos2022\/069.pdf\">069 de 27\/05\/2022<\/a><\/td>\n<td>Disp\u00f5e sobre nomea\u00e7\u00e3o de fun\u00e7\u00e3o P\u00fablica- Conselheiro Tutelar Suplente.<\/td>\n<\/tr>\n<tr>\n<td><a href=\"portaltransparencia2022\/decretos2022\/068.pdf\">068 de 26\/05\/2022<\/a><\/td>\n<td>\n<p>Disp\u00f5e sobre o requerimento e a expedi\u00e7\u00e3o de certid\u00f5es de regularidade fiscal no \u00e2mbito do Munic\u00edpio de Baldim\/MG.<\/p>\n<\/td>\n<\/tr>\n<tr>\n<td><a href=\"portaltransparencia2022\/decretos2022\/067.pdf\">067 de 20\/05\/2022<\/a><\/td>\n<td>\n<p>Disp\u00f5e Sobre a utiliza\u00e7\u00e3o dos ve\u00edculos da Secretaria Municipal de Educa\u00e7\u00e3o de Baldim para atender as leis municipais 1248\/2021 e 1281\/2022.<\/p>\n<\/td>\n<\/tr>\n<tr>\n<td><a href=\"portaltransparencia2022\/decretos2022\/066.pdf\">066 de 20\/05\/2022<\/a><\/td>\n<td>Regulamenta as contrata\u00e7c\u00f5es diretas com fundamento na lei federal N 14.133\/2021 e d\u00e1 outras provid\u00eancias.<\/td>\n<\/tr>\n<tr>\n<td><a href=\"portaltransparencia2022\/decretos2022\/066a2.pdf\">006 de 03\/01\/2022<\/a><\/td>\n<td>&nbsp;Calend\u00e1rio de feriados e pontos facultativos.<\/td>\n<\/tr>\n<tr>\n<td><a href=\"portaltransparencia2020\/decretos2022\/065.pdf\">065 de 19\/04\/2022<\/a><\/td>\n<td>Disp\u00f5e sobre nomea\u00e7\u00e3o de servidor para o cargo em comiss\u00e3o &#8211; Diretor de Departamento de Esporte e Lazer.<\/td>\n<\/tr>\n<tr>\n<td><a href=\"portaltransparencia2022\/decretos2022\/093.pdf\">093 de 24\/06\/2022<\/a><\/td>\n<td>\n<p>Disp\u00f5e sobre a celebra\u00e7\u00e3o de parcerias, no \u00e2mbito do Poder Executivo Municipal, entre a Administra\u00e7\u00e3o P\u00fablica do Munic\u00edpio de Baldim e organiza\u00e7\u00f5es da sociedade civil, em regime de m\u00fatua coopera\u00e7\u00e3o, para a consecu\u00e7\u00e3o de finalidades de interesse p\u00fablico e rec\u00edproco, mediante a execu\u00e7\u00e3o de atividades ou de projetos previamente estabelecidos em planos de trabalho inseridos em termos de colabora\u00e7\u00e3o, em termos de fomento ou em acordos de coopera\u00e7\u00e3o, em conson\u00e2ncia com a Lei Federal n\u00ba 13.019, de 31de julho de 2014.<\/p>\n<\/td>\n<\/tr>\n<tr>\n<td><a href=\"portaltransparencia2022\/decretos2022\/063.pdf\">064 de 18\/05\/2022<\/a><\/td>\n<td>\n<p>Disp\u00f5e sobre exonera\u00e7\u00e3o de servidor do cargo em comiss\u00e3o.<\/p>\n<\/td>\n<\/tr>\n<tr>\n<td><a href=\"portaltransparencia2022\/decretos2022\/063.pdf\">063 de 13\/052022<\/a><\/td>\n<td>\n<p>Disp\u00f5e Sobre A Concess\u00e3o De Uso De Espa\u00e7o P\u00fablico Para O Funcionamento De Atividades Comerciais Na Pra\u00e7a Em\u00edlio De Vasconcelos Entre Os N\u00fameros 260 A 274 Em Baldim\/MG.<\/p>\n<\/td>\n<\/tr>\n<tr>\n<td><a href=\"portaltransparencia2022\/decretos2022\/062.pdf\">062 de 12\/05\/2022<\/a><\/td>\n<td>\n<p><strong>: <\/strong>Disp\u00f5e sobre a concess\u00e3o de uso de espa\u00e7o p\u00fablico para o funcionamento do com\u00e9rcio de hortifr\u00fati\/granjeiro no distrito de s\u00e3o Vicente &#8211; Baldim\/MG.<\/p>\n<\/td>\n<\/tr>\n<tr>\n<td><a href=\"portaltransparencia2022\/decretos2022\/055.pdf\">055 de 02\/05\/2022<\/a><\/td>\n<td>Disp\u00f5e sobre exonera\u00e7\u00e3o de servidor por motivo de aposentadoria.<\/td>\n<\/tr>\n<tr>\n<td><a href=\"portaltransparencia2022\/decretos2022\/054.pdf\">054 de 29\/04\/2022<\/a><\/td>\n<td>\n<p>: Regulamenta o lan\u00e7amento, a cobran\u00e7a e a forma de pagamento do IPTU e da taxa de coleta de res\u00edduos s\u00f3lidos urbanos relativo ao exerc\u00edcio de 2022 e d\u00e1 outras provid\u00eancias.<\/p>\n<\/td>\n<\/tr>\n<tr>\n<td><a href=\"portaltransparencia2022\/decretos2022\/053.pdf\">053 de 20\/04\/2022<\/a><\/td>\n<td>Regulamenta o uso de mascaras no Munic\u00edpio de Baldim\/MG.<\/td>\n<\/tr>\n<tr>\n<td><a href=\"portaltransparencia2022\/decretos2022\/052.pdf\">052 de 13\/04\/2022<\/a><\/td>\n<td>Cria, nomeia e empossa os membros do comit\u00ea t\u00e9cnico de pol\u00edticas de promo\u00e7\u00e3o \u00e0 sa\u00fade e promo\u00e7\u00e3o da equidade e d\u00e1 outras provid\u00eancias.<\/td>\n<\/tr>\n<tr>\n<td><a href=\"portaltransparencia2022\/decretos2022\/051.pdf\">051 de 07\/04\/2022<\/a><\/td>\n<td>\n<p>Disp\u00f5e sobre nomea\u00e7\u00e3o de servidor em cargo em comiss\u00e3o.<\/p>\n<\/td>\n<\/tr>\n<tr>\n<td><a href=\"portaltransparencia2022\/decretos2022\/050.pdf\">050 de 06\/04\/2022<\/a><\/td>\n<td>Declara ponto facultativo nas Reparti\u00e7\u00f5es P\u00fablicas Municipais- Feriado de Tiradentes.<\/td>\n<\/tr>\n<tr>\n<td><a href=\"portaltransparencia2022\/decretos2022\/049.pdf\">049 de 06\/04\/2022<\/a><\/td>\n<td>\n<p>Declara ponto facultativo nas Reparti\u00e7\u00f5es P\u00fablicas Municipais- Semana Santa 2022.<\/p>\n<\/td>\n<\/tr>\n<tr>\n<td><a href=\"portaltransparencia2022\/decretos2022\/048.pdf\">048 de 06\/04\/2022<\/a><\/td>\n<td>Disp\u00f5e sobre a exonera\u00e7\u00e3o de servidor em cargo em comiss\u00e3o.<\/td>\n<\/tr>\n<tr>\n<td><a href=\"portaltransparencia2022\/decretos2022\/047.pdf\">047 de 01\/04\/2022<\/a><\/td>\n<td>Disp\u00f5e sobre a exonera\u00e7\u00e3o de servidor em cargo em comiss\u00e3o.<\/td>\n<\/tr>\n<tr>\n<td><a href=\"portaltransparencia2022\/decretos2022\/046.pdf\">046 de 01\/04\/2022<\/a><\/td>\n<td>\n<p>Disp\u00f5e sobre a exonera\u00e7\u00e3o de servidor em cargo em comiss\u00e3o.<\/p>\n<\/td>\n<\/tr>\n<tr>\n<td><a href=\"portaltransparencia2022\/decretos2022\/045.pdf\">045 de 01\/04\/2022<\/a><\/td>\n<td>Disp\u00f5e sobre a exonera\u00e7\u00e3o de servidor em cargo em comiss\u00e3o.<\/td>\n<\/tr>\n<tr>\n<td><a href=\"portaltransparencia2022\/decretos2022\/040.pdf\">040 de 25\/03\/2022<\/a><\/td>\n<td>Disp\u00f5e sobre a regulamenta\u00e7\u00e3o e aplicabilidade da Lei Federal n\u00famero 14.133 de 1 de abril de 2021, pelos \u00f3rg\u00e3os da administra\u00e7\u00e3o p\u00fablica no \u00e2mbito do poder executivo Municipal de Baldim\/MG, nas condi\u00e7\u00f5es que indica e d\u00e1 outras provid\u00eancias.<\/td>\n<\/tr>\n<tr>\n<td><a href=\"portaltransparencia2022\/decretos2022\/037.pdf\">037 de 03\/03\/2022<\/a><\/td>\n<td>Disp\u00f5e sobre a exonera\u00e7\u00e3o de servidor em cargo em comiss\u00e3o.<\/td>\n<\/tr>\n<tr>\n<td><a href=\"portaltransparencia2022\/decretos2022\/032.pdf\">032 de 17\/02\/2022<\/a><\/td>\n<td>\n<p>Decreta ponto Facultativo nos dias 28 de fevereiro a 02 de mar\u00e7o de 2022.<\/p>\n<\/td>\n<\/tr>\n<tr>\n<td><a href=\"portaltransparencia2022\/decretos2022\/decreto032.pdf\">032 de 04\/03\/2022<\/a><\/td>\n<td>\n<p>Disp\u00f5e sobre novos procedimentos a serem adotados durante a pandemia do novo coronav\u00edrus no munic\u00edpio de Baldim.<\/p>\n<\/td>\n<\/tr>\n<tr>\n<td><a href=\"portaltransparencia2022\/decretos2022\/066a2.pdf\">066 de 03\/02\/2022<\/a><\/td>\n<td>&nbsp;Calend\u00e1rio de feriados e pontos facultativos &#8211; Exerc\u00edcio de 2022.<\/td>\n<\/tr>\n<tr>\n<td><a href=\"portaltransparencia2022\/decretos2022\/031.pdf\">031 de 31\/02\/2022<\/a><\/td>\n<td>\n<p>Disp\u00f5e sobre a atualiza\u00e7\u00e3o da planta gen\u00e9rica de valores e d\u00e1 outras provid\u00eancias.<\/p>\n<\/td>\n<\/tr>\n<tr>\n<td><a href=\"portaltransparencia2022\/decretos2022\/030.pdf\">030 de 02\/02\/2022<\/a><\/td>\n<td>Disp\u00f5e sobre a obrigatoriedade de apresenta\u00e7\u00e3o da declara\u00e7\u00e3o de bens e valores que comp\u00f5em o patrim\u00f4nio dos agentes p\u00fablicos no \u00e2mbito do poder executivo do Munic\u00edpio de Baldim, institui a sindic\u00e2ncia patrimonial e d\u00e1 outras provid\u00eancias.<\/td>\n<\/tr>\n<tr>\n<td><a href=\"portaltransparencia2022\/decretos2022\/029.pdf\">029 de 01\/02\/2022<\/a><\/td>\n<td>\n<p>Disp\u00f5e sobre o retorno das atividades presenciais para o ano de 2022 na Rede Municipal de Ensino no Munic\u00edpio de Baldim\/MG.<\/p>\n<\/td>\n<\/tr>\n<tr>\n<td><a href=\"portaltransparencia2022\/decretos2022\/023.pdf\">023 de 02\/02\/2022<\/a><\/td>\n<td>Disp\u00f5e previamente face ao lapso temporal compreendido entre o in\u00edcio das aulas presenciais at\u00e9 a devida aprova\u00e7\u00e3o do PL encaminhada a C\u00e2mara Municipal de Baldim e a san\u00e7\u00e3o da Lei sobre o transporte gratuito para os universit\u00e1rios e estudantes de cursos t\u00e9cnicos profissionalizantes que residem no Munic\u00edpio de Baldim\/MG regularmente matriculados em per\u00edodo noturno nas institui\u00e7\u00f5es de ensino da cidade de Sete Lagoas\/MG.<\/td>\n<\/tr>\n<tr>\n<td><a href=\"portaltransparencia2022\/decretos2022\/022.pdf\">022 de 22\/01\/2022<\/a><\/td>\n<td>\n<p>Disp\u00f5e sobre o erro material contido no artigo 27 da Lei complementar Municipal N. 1082 de 2012 e d\u00e1 outras provid\u00eancias.<\/p>\n<\/td>\n<\/tr>\n<tr>\n<td><a href=\"portaltransparencia2022\/decretos2022\/021.pdf\">021 de 13\/01\/2022<\/a><\/td>\n<td>Disp\u00f5e sobre os novos procedimentos a serem adotados durante a pandemia do novo coronavirus.<\/td>\n<\/tr>\n<tr>\n<td><a href=\"portaltransparencia2022\/decretos2022\/018.pdf\">018 de 10\/01\/2022<\/a><\/td>\n<td>Declara situa\u00e7\u00e3o de emerg\u00eancia no munic\u00edpio de Baldim em decorr\u00eancia dos efeitos das chuvas instensas.<\/td>\n<\/tr>\n<tr>\n<td><a href=\"portaltransparencia2022\/decretos2022\/017.pdf\">017 de 03\/01\/2022<\/a><\/td>\n<td>Prorroga o prazo do estado de calamidade p\u00fablica declarado no Decreto 55 de 13 de abril de 2020.<\/td>\n<\/tr>\n<tr>\n<td><a href=\"portaltransparencia2022\/decretos2022\/016.pdf\">016 de 03\/01\/2022<\/a><\/td>\n<td>Disp\u00f5e sobre nomea\u00e7\u00e3o de servidor efetivo para o cargo em comiss\u00e3o- Chefe de Divis\u00e3o de Licita\u00e7\u00f5es.&nbsp;&nbsp;<\/td>\n<\/tr>\n<tr>\n<td><a href=\"portaltransparencia2022\/decretos2022\/015a2.pdf\">015 2 de 03\/01\/2022<\/a><\/td>\n<td>\n<p>Disp\u00f5e sobre nomea\u00e7\u00f5es e Movimenta\u00e7\u00f5es banc\u00e1rias do Fundo Municipal de Assist\u00eancia Social.<\/p>\n<\/td>\n<\/tr>\n<tr>\n<td><a href=\"portaltransparencia2022\/decretos2022\/015.pdf\">15&nbsp;de 03\/01\/2022<\/a><\/td>\n<td>\n<p>Disp\u00f5e sobre nomea\u00e7\u00f5es e Movimenta\u00e7\u00f5es banc\u00e1rias do Fundo Municipal de Assist\u00eancia Social.<\/p>\n<\/td>\n<\/tr>\n<tr>\n<td><a href=\"portaltransparencia2022\/decretos2022\/014.pdf\">14&nbsp;de 03\/01\/2022<\/a><\/td>\n<td>Disp\u00f5e sobre nomea\u00e7\u00f5es e Movimenta\u00e7\u00f5es banc\u00e1rias do Fundo Municipal de&nbsp; Sa\u00fade.<\/td>\n<\/tr>\n<tr>\n<td><a href=\"portaltransparencia2022\/decretos2022\/013.pdf\">013&nbsp;de 03\/01\/2022<\/a><\/td>\n<td>Disp\u00f5e sobre nomea\u00e7\u00f5es e Movimenta\u00e7\u00f5es banc\u00e1rias do Fundo Municipal de&nbsp; Sa\u00fade.<\/td>\n<\/tr>\n<tr>\n<td><a href=\"portaltransparencia2022\/decretos2022\/012.pdf\">012 de 03\/01\/2022<\/a><\/td>\n<td>Disp\u00f5e sobre nomea\u00e7\u00f5es e Movimenta\u00e7\u00f5es banc\u00e1rias do Fundo Municipal de Baldim.<\/td>\n<\/tr>\n<tr>\n<td><a href=\"portaltransparencia2022\/decretos2022\/009.pdf\">009 de 03\/01\/2022<\/a><\/td>\n<td>Nomeia servidor para a liquida\u00e7\u00e3o de empenho na Secretaria Municipal de Educa\u00e7\u00e3o, cultura, esporte, lazer e eventos.<\/td>\n<\/tr>\n<tr>\n<td><a href=\"portaltransparencia2022\/decretos2022\/008.pdf\">008 de 03\/01\/2022<\/a><\/td>\n<td>\n<p>Nomeia ordenador de despesas da Secretaria Municipal de educa\u00e7\u00e3o.<\/p>\n<\/td>\n<\/tr>\n<tr>\n<td><a href=\"portaltransparencia2022\/decretos2022\/007.pdf\">007 de 03\/01\/2022<\/a><\/td>\n<td>Disp\u00f5e sobre nomea\u00e7\u00f5es de servidores em cargos em comiss\u00e3o.<\/td>\n<\/tr>\n<\/tbody>\n<\/table>\t\t\t\t\t\t<\/div>\n\t\t\t\t<\/div>\n\t\t\t\t\t<\/div>\n\t\t<\/div>\n\t\t\t\t\t\t\t<\/div>\n\t\t<\/section>\n\t\t\t\t\t\t<\/div>\n\t\t\t\t\t<\/div>\n\t\t","protected":false},"excerpt":{"rendered":"<p>Decretos municipais 2022 042022&nbsp; REGULAMENTA A AVALIA\u00c7\u00c3O DE DESEMPENHO INDIVIDUAL \u2013 ADI DOS SERVIDORES DA PREFEITURA DA PREFEITURA MUNICIPAL DE BALDIM. 158 de 16\/05\/2022 Disp\u00f5e sobre nomea\u00e7\u00f5es de servidores para cargos em<a class=\"moretag\" href=\"https:\/\/baldim.mg.gov.br\/wsite\/?page_id=2916\">leia mais<\/a><\/p>\n","protected":false},"author":2,"featured_media":0,"parent":0,"menu_order":0,"comment_status":"closed","ping_status":"closed","template":"","meta":{"footnotes":""},"class_list":["post-2916","page","type-page","status-publish","hentry"],"_links":{"self":[{"href":"https:\/\/baldim.mg.gov.br\/wsite\/index.php?rest_route=\/wp\/v2\/pages\/2916","targetHints":{"allow":["GET"]}}],"collection":[{"href":"https:\/\/baldim.mg.gov.br\/wsite\/index.php?rest_route=\/wp\/v2\/pages"}],"about":[{"href":"https:\/\/baldim.mg.gov.br\/wsite\/index.php?rest_route=\/wp\/v2\/types\/page"}],"author":[{"embeddable":true,"href":"https:\/\/baldim.mg.gov.br\/wsite\/index.php?rest_route=\/wp\/v2\/users\/2"}],"replies":[{"embeddable":true,"href":"https:\/\/baldim.mg.gov.br\/wsite\/index.php?rest_route=%2Fwp%2Fv2%2Fcomments&post=2916"}],"version-history":[{"count":4,"href":"https:\/\/baldim.mg.gov.br\/wsite\/index.php?rest_route=\/wp\/v2\/pages\/2916\/revisions"}],"predecessor-version":[{"id":3071,"href":"https:\/\/baldim.mg.gov.br\/wsite\/index.php?rest_route=\/wp\/v2\/pages\/2916\/revisions\/3071"}],"wp:attachment":[{"href":"https:\/\/baldim.mg.gov.br\/wsite\/index.php?rest_route=%2Fwp%2Fv2%2Fmedia&parent=2916"}],"curies":[{"name":"wp","href":"https:\/\/api.w.org\/{rel}","templated":true}]}}