{"id":2874,"date":"2025-07-01T00:59:35","date_gmt":"2025-07-01T00:59:35","guid":{"rendered":"https:\/\/baldim.mg.gov.br\/wsite\/?page_id=2874"},"modified":"2025-07-01T01:31:16","modified_gmt":"2025-07-01T01:31:16","slug":"decretos-2015","status":"publish","type":"page","link":"https:\/\/baldim.mg.gov.br\/wsite\/?page_id=2874","title":{"rendered":"Decretos 2015"},"content":{"rendered":"\t\t<div data-elementor-type=\"wp-page\" data-elementor-id=\"2874\" class=\"elementor elementor-2874\" data-elementor-settings=\"[]\">\n\t\t\t\t\t\t\t<div class=\"elementor-section-wrap\">\n\t\t\t\t\t\t\t<section class=\"elementor-section elementor-top-section elementor-element elementor-element-983d36b elementor-section-boxed elementor-section-height-default elementor-section-height-default wpr-particle-no wpr-jarallax-no wpr-parallax-no wpr-sticky-section-no\" data-id=\"983d36b\" data-element_type=\"section\">\n\t\t\t\t\t\t<div class=\"elementor-container elementor-column-gap-default\">\n\t\t\t\t\t<div class=\"elementor-column elementor-col-100 elementor-top-column elementor-element elementor-element-f396187\" data-id=\"f396187\" data-element_type=\"column\">\n\t\t\t<div class=\"elementor-widget-wrap elementor-element-populated\">\n\t\t\t\t\t\t\t\t\t<\/div>\n\t\t<\/div>\n\t\t\t\t\t\t\t<\/div>\n\t\t<\/section>\n\t\t\t\t<section class=\"elementor-section elementor-top-section elementor-element elementor-element-d5ecaa6 elementor-section-boxed elementor-section-height-default elementor-section-height-default wpr-particle-no wpr-jarallax-no wpr-parallax-no wpr-sticky-section-no\" data-id=\"d5ecaa6\" data-element_type=\"section\">\n\t\t\t\t\t\t<div class=\"elementor-container elementor-column-gap-default\">\n\t\t\t\t\t<div class=\"elementor-column elementor-col-100 elementor-top-column elementor-element elementor-element-a5aafb7\" data-id=\"a5aafb7\" data-element_type=\"column\">\n\t\t\t<div class=\"elementor-widget-wrap elementor-element-populated\">\n\t\t\t\t\t\t\t\t<div class=\"elementor-element elementor-element-94e026b elementor-widget elementor-widget-text-editor\" data-id=\"94e026b\" data-element_type=\"widget\" data-widget_type=\"text-editor.default\">\n\t\t\t\t<div class=\"elementor-widget-container\">\n\t\t\t<style>\/*! elementor - v3.5.4 - 23-01-2022 *\/\n.elementor-widget-text-editor.elementor-drop-cap-view-stacked .elementor-drop-cap{background-color:#818a91;color:#fff}.elementor-widget-text-editor.elementor-drop-cap-view-framed .elementor-drop-cap{color:#818a91;border:3px solid;background-color:transparent}.elementor-widget-text-editor:not(.elementor-drop-cap-view-default) .elementor-drop-cap{margin-top:8px}.elementor-widget-text-editor:not(.elementor-drop-cap-view-default) .elementor-drop-cap-letter{width:1em;height:1em}.elementor-widget-text-editor .elementor-drop-cap{float:left;text-align:center;line-height:1;font-size:50px}.elementor-widget-text-editor .elementor-drop-cap-letter{display:inline-block}<\/style>\t\t\t\t<p>\u00a0<\/p><table style=\"border: 2px solid #000000; margin-left: auto; margin-right: auto;\" rules=\"all\"><tbody><tr><td>\u00a0<a href=\"portaltransparencia2015\/decretos2015\/108.pdf\">108<\/a><\/td><td>Declara Funcionamento nas Reparti\u00e7\u00f5es P\u00fablicas Municipais.<\/td><\/tr><tr><td>\u00a0<a href=\"portaltransparencia2015\/decretos2015\/107.pdf\">107<\/a><\/td><td>Disp\u00f5e sobre nomea\u00e7\u00e3o de cargo em comiss\u00e3o.<\/td><\/tr><tr><td>\u00a0<a href=\"portaltransparencia2015\/decretos2015\/106.pdf\">106<\/a><\/td><td>Disp\u00f5e sobre exonera\u00e7\u00e3o de cargo em comiss\u00e3o.<\/td><\/tr><tr><td>\u00a0<a href=\"portaltransparencia2015\/decretos2015\/102.pdf\">102<\/a><\/td><td>Declara Funcionamento nas reparti\u00e7\u00f5es P\u00fablicas Municipais.<\/td><\/tr><tr><td>\u00a0<a href=\"portaltransparencia2015\/decretos2015\/101.pdf\">101<\/a><\/td><td><p>Cria e nomeia comiss\u00e3o especial de sele\u00e7\u00e3o e normatiza processo de sele\u00e7\u00e3o para contrata\u00e7\u00e3o de agente comunit\u00e1rio de sa\u00fade (ACS) para a localidade de Vargem Grande-Baldim\/MG.<\/p><\/td><\/tr><tr><td>\u00a0<a href=\"portaltransparencia2015\/decretos2015\/100.pdf\">100<\/a><\/td><td>Disp\u00f5e sobre nomea\u00e7\u00e3o de cargo em comiss\u00e3o.<\/td><\/tr><tr><td>\u00a0<a href=\"portaltransparencia2015\/decretos2015\/096.pdf\">096<\/a><\/td><td><p>Disp\u00f5e sobre o expediente nas reparti\u00e7\u00f5es p\u00fablicas em comemora\u00e7\u00e3o ao dia do Servidor P\u00fablico.<\/p><\/td><\/tr><tr><td>\u00a0<a href=\"portaltransparencia2015\/decretos2015\/095.pdf\">095<\/a><\/td><td><p>Disp\u00f5e sobre fixa\u00e7\u00e3o de novas tarifas para o transporte individual de passageiros- t\u00e1xis- do Munic\u00edpio de Baldim e d\u00e1 outras provid\u00eancias.<\/p><\/td><\/tr><tr><td>\u00a0<a href=\"portaltransparencia2015\/decretos2015\/091.pdf\">091<\/a><\/td><td>Cria e nomeia comiss\u00e3o especial de sele\u00e7\u00e3o e normatiza processo de sele\u00e7\u00e3o para contrata\u00e7\u00e3o de agente comunit\u00e1rio de sa\u00fade (ACS) e agentes de combate \u00e0s endemias (ACE).<\/td><\/tr><tr><td>\u00a0<a href=\"portaltransparencia2015\/decretos2015\/090.pdf\">090<\/a><\/td><td><p>Disp\u00f5e sobre nomea\u00e7\u00e3o de cargo em comiss\u00e3o.<\/p><\/td><\/tr><tr><td>\u00a0<a href=\"portaltransparencia2015\/decretos2015\/089.pdf\">089<\/a><\/td><td><p>Disp\u00f5e sobre exonera\u00e7\u00e3o de cargo em comiss\u00e3o.<\/p><\/td><\/tr><tr><td>\u00a0<a href=\"portaltransparencia2015\/decretos2015\/088.pdf\">088<\/a><\/td><td>Declara Funcionamento nas reparti\u00e7\u00f5es P\u00fablicas Municipais.<\/td><\/tr><tr><td>\u00a0<a href=\"portaltransparencia2015\/decretos2015\/087.pdf\">087<\/a><\/td><td>Estabelece medidas administrativas tempor\u00e1rias em car\u00e1ter de urg\u00eancia para conten\u00e7\u00e3o de despesas no \u00e2mbito do Poder Executivo de Baldim e disp\u00f5e sobre o expediente do Pa\u00e7o Municipal e d\u00e1 outras provid\u00eancias.<\/td><\/tr><tr><td>\u00a0<a href=\"portaltransparencia2015\/decretos2015\/086.pdf\">086<\/a><\/td><td>Disp\u00f5e sobre exonera\u00e7\u00e3o de cargo em comiss\u00e3o.<\/td><\/tr><tr><td>\u00a0<a href=\"portaltransparencia2015\/decretos2015\/085.pdf\">085<\/a><\/td><td>Disp\u00f5e sobre com\u00e9rcio de bebidas na festa do doce 2015 na sede do Munic\u00edpio e d\u00e1 outras provid\u00eancias.<\/td><\/tr><tr><td>\u00a0<a href=\"portaltransparencia2015\/decretos2015\/079.pdf\">079<\/a><\/td><td><p>Declara Ponto Facultativo nas reparti\u00e7\u00f5es P\u00fablicas Municipais.<\/p><\/td><\/tr><tr><td>\u00a0<a href=\"portaltransparencia2015\/decretos2015\/075.pdf\">075<\/a><\/td><td>Disp\u00f5e sobre exonera\u00e7\u00f5es de cargos em comiss\u00e3o.<\/td><\/tr><tr><td>\u00a0<a href=\"portaltransparencia2015\/decretos2015\/072.pdf\">072<\/a><\/td><td><p>Cria e nomeia comiss\u00e3o para a avalia\u00e7\u00e3o de curr\u00edculos e normatiza processo de sele\u00e7\u00e3o de profissionais para prestarem servi\u00e7o ao centro de refer\u00eancia de assist\u00eancia social.<\/p><\/td><\/tr><tr><td>\u00a0<a href=\"portaltransparencia2015\/decretos2015\/074.pdf\">074<\/a><\/td><td><p>Disp\u00f5e sobre nomea\u00e7\u00e3o de cargo em comiss\u00e3o.<\/p><\/td><\/tr><tr><td>\u00a0<a href=\"portaltransparencia2015\/decretos2015\/068.pdf\">068<\/a><\/td><td><p>Disp\u00f5e sobre nomea\u00e7\u00e3o de Agente Pol\u00edtico- Secret\u00e1rio Municipal de Meio Ambiente.<\/p><\/td><\/tr><tr><td>\u00a0<a href=\"portaltransparencia2015\/decretos2015\/067.pdf\">067<\/a><\/td><td>Disp\u00f5e sobre exonera\u00e7\u00e3o de cargo em comiss\u00e3o.<\/td><\/tr><tr><td>\u00a0<a href=\"portaltransparencia2015\/decretos2015\/066.pdf\">066<\/a><\/td><td>Disp\u00f5e sobre exonera\u00e7\u00e3o de cargo em comiss\u00e3o.<\/td><\/tr><tr><td>\u00a0<a href=\"portaltransparencia2015\/decretos2015\/061.pdf\">061<\/a><\/td><td>Declara Ponto Facultativo nas reparti\u00e7\u00f5es P\u00fablicas Municipais.<\/td><\/tr><tr><td>\u00a0<a href=\"portaltransparencia2015\/decretos2015\/060.pdf\">060<\/a><\/td><td>Disp\u00f5e sobre exonera\u00e7\u00f5es de cargo em comiss\u00e3o.<\/td><\/tr><tr><td>\u00a0<a href=\"portaltransparencia2015\/decretos2015\/057.pdf\">057<\/a><\/td><td><p>Disp\u00f5e sobre exonera\u00e7\u00f5es de cargos efetivos a pedido de servidores.<\/p><\/td><\/tr><tr><td>\u00a0<a href=\"portaltransparencia2015\/decretos2015\/053.pdf\">053<\/a><\/td><td><p>Disp\u00f5e sobre nomea\u00e7\u00e3o de Conselheiro Tutelar Suplente e d\u00e1 outras provid\u00eancias.<\/p><\/td><\/tr><tr><td>\u00a0<a href=\"portaltransparencia2015\/decretos2015\/052.pdf\">052<\/a><\/td><td><p>Estabelece medidas administrativas tempor\u00e1rias para conten\u00e7\u00e3o de despesas no \u00e2mbito do Poder Executivo de Baldim e disp\u00f5e sobre expediente do Pa\u00e7o Municipal e d\u00e1 outras provid\u00eancias.<\/p><\/td><\/tr><tr><td>\u00a0<a href=\"portaltransparencia2015\/decretos2015\/051.pdf\">051<\/a><\/td><td><p>Disp\u00f5e sobre nomea\u00e7\u00e3o de cargo em comiss\u00e3o.<\/p><\/td><\/tr><tr><td>\u00a0<a href=\"portaltransparencia2015\/decretos2015\/050.pdf\">050<\/a><\/td><td><p>Declara Ponto Facultativo nas reparti\u00e7\u00f5es P\u00fablicas Municipais.<\/p><\/td><\/tr><tr><td>\u00a0<a href=\"portaltransparencia2015\/decretos2015\/046.pdf\">046<\/a><\/td><td><p>Aplica pena de multa, suspens\u00e3o bem como promover a rescis\u00e3o contratual, e d\u00e1 outras provid\u00eancias.<\/p><\/td><\/tr><tr><td>\u00a0<a href=\"portaltransparencia2015\/decretos2015\/045.pdf\">045<\/a><\/td><td>Disp\u00f5e sobre nomea\u00e7\u00e3o de Agente Pol\u00edtico- Secret\u00e1rio Municipal de Desenvolvimento Econ\u00f4mico.<\/td><\/tr><tr><td>\u00a0<a href=\"portaltransparencia2015\/decretos2015\/044.pdf\">044<\/a><\/td><td>Disp\u00f5e sobre nomea\u00e7\u00e3o de cargo em comiss\u00e3o.<\/td><\/tr><tr><td>\u00a0<a href=\"portaltransparencia2015\/decretos2015\/043.pdf\">043<\/a><\/td><td><p>Disp\u00f5e sobre exonera\u00e7\u00f5es de agentes pol\u00edticos.<\/p><\/td><\/tr><tr><td>\u00a0<a href=\"portaltransparencia2015\/decretos2015\/042.pdf\">042<\/a><\/td><td><p>Disp\u00f5e sobre homologa\u00e7\u00e3o do Plano Municipal de Sa\u00fade e d\u00e1 outras provid\u00eancias.<\/p><\/td><\/tr><tr><td>\u00a0<a href=\"portaltransparencia2015\/decretos2015\/041.pdf\">041<\/a><\/td><td>Declara Ponto Facultativo nas reparti\u00e7\u00f5es P\u00fablicas Municipais.<\/td><\/tr><tr><td>\u00a0<a href=\"portaltransparencia2015\/decretos2015\/040.pdf\">040<\/a><\/td><td>Disp\u00f5e sobre a posse dos membros do CMDCA Conselho Municipal dos Direitos da Crian\u00e7a e Adolescente Baldim\/MG.<\/td><\/tr><tr><td>\u00a0<a href=\"portaltransparencia2015\/decretos2015\/039.pdf\">039<\/a><\/td><td><p>Disp\u00f5e sobre nomea\u00e7\u00e3o de Conselheiro Tutelar Suplente e d\u00e1 outras provid\u00eancias.<\/p><\/td><\/tr><tr><td>\u00a0<a href=\"portaltransparencia2015\/decretos2015\/038.pdf\">038<\/a><\/td><td><p>Disp\u00f5e sobre exonera\u00e7\u00e3o de cargo em comiss\u00e3o a pedido do servidor.<\/p><\/td><\/tr><tr><td>\u00a0<a href=\"portaltransparencia2015\/decretos2015\/037.pdf\">037<\/a><\/td><td>Disp\u00f5e sobre nomea\u00e7\u00e3o de cargo em comiss\u00e3o.<\/td><\/tr><tr><td>\u00a0<a href=\"portaltransparencia2015\/decretos2015\/031.pdf\">031<\/a><\/td><td>Disp\u00f5e sobre nomea\u00e7\u00f5es de cargo em comiss\u00e3o.<\/td><\/tr><tr><td>\u00a0<a href=\"portaltransparencia2015\/decretos2015\/030.pdf\">030<\/a><\/td><td><p>Disp\u00f5e sobre exonera\u00e7\u00e3o de cargo em comiss\u00e3o.<\/p><\/td><\/tr><tr><td>\u00a0<a href=\"portaltransparencia2015\/decretos2015\/029.pdf\">029<\/a><\/td><td>Disp\u00f5e sobre nomea\u00e7\u00e3o de agente Pol\u00edtico- Secret\u00e1rio Municipal de Desenvolvimento Econ\u00f4mico.<\/td><\/tr><tr><td>\u00a0<a href=\"portaltransparencia2015\/decretos2015\/028.pdf\">028<\/a><\/td><td>Disp\u00f5e sobre exonera\u00e7\u00e3o de cargo em comiss\u00e3o.<\/td><\/tr><tr><td>\u00a0<a href=\"portaltransparencia2015\/decretos2015\/026.pdf\">026<\/a><\/td><td>Disp\u00f5e sobre nomea\u00e7\u00f5es e Movimenta\u00e7\u00f5es das contas do Fundo Municipal de Sa\u00fade de Baldim-CNPJ n\u00ba 12.670.009\/0001-99.<\/td><\/tr><tr><td>\u00a0<a href=\"portaltransparencia2015\/decretos2015\/025.pdf\">025<\/a><\/td><td><p>Disp\u00f5e sobre nomea\u00e7\u00f5es e Movimenta\u00e7\u00f5es banc\u00e1ria da Prefeitura Municipal de Baldim- Fundo Municipal de Sa\u00fade CNPJ n\u00ba 18.116.129\/0002-06.<\/p><\/td><\/tr><tr><td>\u00a0<a href=\"portaltransparencia2015\/decretos2015\/024.pdf\">024<\/a><\/td><td><p>Nomeia ordenador de despesas da Secretaria Municipal de Sa\u00fade.<\/p><\/td><\/tr><tr><td>\u00a0<a href=\"portaltransparencia2015\/decretos2015\/021.pdf\">021<\/a><\/td><td>Disp\u00f5e sobre a nomea\u00e7\u00e3o do conselho Municipal de Turismo (COMTUR) de Baldim para o bi\u00eanio 2015\/2017.<\/td><\/tr><tr><td>\u00a0<a href=\"portaltransparencia2015\/decretos2015\/016.pdf\">016<\/a><\/td><td>Disp\u00f5e sobre exonera\u00e7\u00e3o de cargo em comiss\u00e3o.<\/td><\/tr><tr><td>\u00a0<a href=\"portaltransparencia2015\/decretos2015\/015.pdf\">015<\/a><\/td><td><p>Disp\u00f5e sobre nomea\u00e7\u00e3o de Agente Pol\u00edtico- Secret\u00e1rio Municipal de Sa\u00fade.<\/p><\/td><\/tr><tr><td>\u00a0<a href=\"portaltransparencia2015\/decretos2015\/014.pdf\">014<\/a><\/td><td><p>Disp\u00f5e sobre exonera\u00e7\u00e3o de Agente Pol\u00edtico- Secret\u00e1rio Municipal de Sa\u00fade.<\/p><\/td><\/tr><tr><td>\u00a0<a href=\"portaltransparencia2015\/decretos2015\/013.pdf\">013<\/a><\/td><td>Declara Ponto Facultativo nas reparti\u00e7\u00f5es P\u00fablicas Municipais.<\/td><\/tr><tr><td>\u00a0<a href=\"portaltransparencia2015\/decretos2015\/012.pdf\">012<\/a><\/td><td><p>Disp\u00f5e sobre exonera\u00e7\u00e3o de cargo em comiss\u00e3o.<\/p><\/td><\/tr><tr><td>\u00a0<a href=\"portaltransparencia2015\/decretos2015\/011.pdf\">011<\/a><\/td><td><p>Disp\u00f5e sobre o com\u00e9rcio de bebidas nas festividades carnavalescas no distrito de S\u00e3o Vicente e d\u00e1 outras provid\u00eancias.<\/p><\/td><\/tr><tr><td>\u00a0<a href=\"portaltransparencia2015\/decretos2015\/010.pdf\">010<\/a><\/td><td><p>Disp\u00f5e sobre o com\u00e9rcio de bebidas nas festividades carnavalescas na Sede do Munic\u00edpio e d\u00e1 outras provid\u00eancias.<\/p><\/td><\/tr><tr><td>\u00a0<a href=\"portaltransparencia2015\/decretos2015\/008.pdf\">008<\/a><\/td><td>Nomeia comiss\u00e3o permanente de licita\u00e7\u00e3o.<\/td><\/tr><tr><td>\u00a0<a href=\"portaltransparencia2015\/decretos2015\/007.pdf\">007<\/a><\/td><td>Disp\u00f5e sobre nomea\u00e7\u00e3o de cargo em comiss\u00e3o.<\/td><\/tr><tr><td>\u00a0<a href=\"portaltransparencia2015\/decretos2015\/006.pdf\">006<\/a><\/td><td>Disp\u00f5e sobre exonera\u00e7\u00e3o de servidor efetivo.<\/td><\/tr><tr><td>\u00a0<a href=\"portaltransparencia2015\/decretos2015\/005.pdf\">005<\/a><\/td><td>Disp\u00f5e sobre nomea\u00e7\u00e3o de cargos em comiss\u00e3o.<\/td><\/tr><tr><td>\u00a0<a href=\"portaltransparencia2015\/decretos2015\/004.pdf\">004<\/a>\u00a0<\/td><td><p>Disp\u00f5e sobre exonera\u00e7\u00e3o de cargos em comiss\u00e3o.<\/p><\/td><\/tr><\/tbody><\/table><p>\u00a0<\/p>\t\t\t\t\t\t<\/div>\n\t\t\t\t<\/div>\n\t\t\t\t\t<\/div>\n\t\t<\/div>\n\t\t\t\t\t\t\t<\/div>\n\t\t<\/section>\n\t\t\t\t\t\t<\/div>\n\t\t\t\t\t<\/div>\n\t\t","protected":false},"excerpt":{"rendered":"<p>\u00a0 \u00a0108 Declara Funcionamento nas Reparti\u00e7\u00f5es P\u00fablicas Municipais. \u00a0107 Disp\u00f5e sobre nomea\u00e7\u00e3o de cargo em comiss\u00e3o. \u00a0106 Disp\u00f5e sobre exonera\u00e7\u00e3o de cargo em comiss\u00e3o. \u00a0102 Declara Funcionamento nas reparti\u00e7\u00f5es P\u00fablicas Municipais. \u00a0101<a class=\"moretag\" href=\"https:\/\/baldim.mg.gov.br\/wsite\/?page_id=2874\">leia mais<\/a><\/p>\n","protected":false},"author":2,"featured_media":0,"parent":0,"menu_order":0,"comment_status":"closed","ping_status":"closed","template":"","meta":{"footnotes":""},"class_list":["post-2874","page","type-page","status-publish","hentry"],"_links":{"self":[{"href":"https:\/\/baldim.mg.gov.br\/wsite\/index.php?rest_route=\/wp\/v2\/pages\/2874","targetHints":{"allow":["GET"]}}],"collection":[{"href":"https:\/\/baldim.mg.gov.br\/wsite\/index.php?rest_route=\/wp\/v2\/pages"}],"about":[{"href":"https:\/\/baldim.mg.gov.br\/wsite\/index.php?rest_route=\/wp\/v2\/types\/page"}],"author":[{"embeddable":true,"href":"https:\/\/baldim.mg.gov.br\/wsite\/index.php?rest_route=\/wp\/v2\/users\/2"}],"replies":[{"embeddable":true,"href":"https:\/\/baldim.mg.gov.br\/wsite\/index.php?rest_route=%2Fwp%2Fv2%2Fcomments&post=2874"}],"version-history":[{"count":4,"href":"https:\/\/baldim.mg.gov.br\/wsite\/index.php?rest_route=\/wp\/v2\/pages\/2874\/revisions"}],"predecessor-version":[{"id":3050,"href":"https:\/\/baldim.mg.gov.br\/wsite\/index.php?rest_route=\/wp\/v2\/pages\/2874\/revisions\/3050"}],"wp:attachment":[{"href":"https:\/\/baldim.mg.gov.br\/wsite\/index.php?rest_route=%2Fwp%2Fv2%2Fmedia&parent=2874"}],"curies":[{"name":"wp","href":"https:\/\/api.w.org\/{rel}","templated":true}]}}