{"id":2829,"date":"2025-07-01T00:51:52","date_gmt":"2025-07-01T00:51:52","guid":{"rendered":"https:\/\/baldim.mg.gov.br\/wsite\/?page_id=2829"},"modified":"2025-07-01T01:27:01","modified_gmt":"2025-07-01T01:27:01","slug":"leis-2023","status":"publish","type":"page","link":"https:\/\/baldim.mg.gov.br\/wsite\/?page_id=2829","title":{"rendered":"Leis 2023"},"content":{"rendered":"\t\t<div data-elementor-type=\"wp-page\" data-elementor-id=\"2829\" class=\"elementor elementor-2829\" data-elementor-settings=\"[]\">\n\t\t\t\t\t\t\t<div class=\"elementor-section-wrap\">\n\t\t\t\t\t\t\t<section class=\"elementor-section elementor-top-section elementor-element elementor-element-57f09ba elementor-section-boxed elementor-section-height-default elementor-section-height-default wpr-particle-no wpr-jarallax-no wpr-parallax-no wpr-sticky-section-no\" data-id=\"57f09ba\" data-element_type=\"section\">\n\t\t\t\t\t\t<div class=\"elementor-container elementor-column-gap-default\">\n\t\t\t\t\t<div class=\"elementor-column elementor-col-100 elementor-top-column elementor-element elementor-element-759e14a\" data-id=\"759e14a\" data-element_type=\"column\">\n\t\t\t<div class=\"elementor-widget-wrap elementor-element-populated\">\n\t\t\t\t\t\t\t\t\t<\/div>\n\t\t<\/div>\n\t\t\t\t\t\t\t<\/div>\n\t\t<\/section>\n\t\t\t\t<section class=\"elementor-section elementor-top-section elementor-element elementor-element-8f0480f elementor-section-boxed elementor-section-height-default elementor-section-height-default wpr-particle-no wpr-jarallax-no wpr-parallax-no wpr-sticky-section-no\" data-id=\"8f0480f\" data-element_type=\"section\">\n\t\t\t\t\t\t<div class=\"elementor-container elementor-column-gap-default\">\n\t\t\t\t\t<div class=\"elementor-column elementor-col-100 elementor-top-column elementor-element elementor-element-9df7dc8\" data-id=\"9df7dc8\" data-element_type=\"column\">\n\t\t\t<div class=\"elementor-widget-wrap elementor-element-populated\">\n\t\t\t\t\t\t\t\t<div class=\"elementor-element elementor-element-9532a96 elementor-widget elementor-widget-text-editor\" data-id=\"9532a96\" data-element_type=\"widget\" data-widget_type=\"text-editor.default\">\n\t\t\t\t<div class=\"elementor-widget-container\">\n\t\t\t<style>\/*! elementor - v3.5.4 - 23-01-2022 *\/\n.elementor-widget-text-editor.elementor-drop-cap-view-stacked .elementor-drop-cap{background-color:#818a91;color:#fff}.elementor-widget-text-editor.elementor-drop-cap-view-framed .elementor-drop-cap{color:#818a91;border:3px solid;background-color:transparent}.elementor-widget-text-editor:not(.elementor-drop-cap-view-default) .elementor-drop-cap{margin-top:8px}.elementor-widget-text-editor:not(.elementor-drop-cap-view-default) .elementor-drop-cap-letter{width:1em;height:1em}.elementor-widget-text-editor .elementor-drop-cap{float:left;text-align:center;line-height:1;font-size:50px}.elementor-widget-text-editor .elementor-drop-cap-letter{display:inline-block}<\/style>\t\t\t\t<p>\u00a0<\/p><table style=\"border: 2px solid #000000; margin-left: auto; margin-right: auto;\" frame=\"border\" rules=\"all\"><tbody><tr><td><a href=\"portaltransparencia2023\/leis2023\/1350.pdf\">1350<\/a><\/td><td>Institui a Semana Municipal da Consci\u00eancia Negra no \u00e2mbito do munic\u00edpio de Baldim e d\u00e1 outras provid\u00eancias.<\/td><\/tr><tr><td><a href=\"portaltransparencia2023\/leis2023\/1349.pdf\">1349<\/a><\/td><td>Autoriza abertura de cr\u00e9dito adicional suplementar no or\u00e7amento de 2023 e d\u00e1 outras provid\u00eancias.<\/td><\/tr><tr><td><a href=\"portaltransparencia2023\/leis2023\/1348.pdf\">1348<\/a><\/td><td>Concede gratifica\u00e7\u00e3o para servidores designados para exercerem as fun\u00e7\u00f5es de agente de contrata\u00e7\u00e3o, pregoeiro, membro da comiss\u00e3o de contrata\u00e7\u00e3o e equipe de apoio e d\u00e1 outras provid\u00eancias.<\/td><\/tr><tr><td><a href=\"portaltransparencia2023\/leis2023\/1347.pdf\">1347<\/a><\/td><td>Autoriza reajuste do vencimento base do professores da rede municipal de ensino e d\u00e1 outras provid\u00eancias.<\/td><\/tr><tr><td><a href=\"portaltransparencia2023\/leis2023\/1346.pdf\">1346<\/a><\/td><td>Disp\u00f5e sobre a regulamenta\u00e7\u00e3o da Assist\u00eancia Financeira complementar repassada pela Uni\u00e3o Federal ao Munic\u00edpio de Baldim\/MG.<\/td><\/tr><tr><td><a href=\"portaltransparencia2023\/leis2023\/1345.pdf\">1345<\/a>\u00a0<\/td><td>Autoriza abertura de cr\u00e9dito suplementar no or\u00e7amento de 2023 e d\u00e1 outras provid\u00eancias.<\/td><\/tr><tr><td><a href=\"portaltransparencia2023\/leis2023\/1343.pdf\">1343<\/a><\/td><td><p>\u201cAutoriza doa\u00e7\u00e3o de bem im\u00f3vel \u00e0 associa\u00e7\u00e3o dos produtores rurais dos munic\u00edpios de Jaboticatubas e Baldim\/Minas Gerais\u201d.<\/p><\/td><\/tr><tr><td><a href=\"portaltransparencia2023\/leis2023\/1342.pdf\">1342<\/a><\/td><td><p>Institui o servi\u00e7o de Acolhimento em Fam\u00edlia Acolhedora e d\u00e1 outras provid\u00eancias.<\/p><\/td><\/tr><tr><td><a href=\"portaltransparencia2023\/leis2023\/1341.pdf\">1341<\/a><\/td><td><p>Disp\u00f5e dobre a Pol\u00edtica Municipal dos Direitos da Crian\u00e7a e do Adolescente e d\u00e1 outras provid\u00eancias.<\/p><\/td><\/tr><tr><td><a href=\"portaltransparencia2023\/leis2023\/1340.pdf\">1340<\/a><\/td><td>Estabelece diretrizes gerais para a elabora\u00e7\u00e3o do or\u00e7amento do munic\u00edpio para o exerc\u00edcio de 2024 e d\u00e1 outras provid\u00eancias.<\/td><\/tr><tr><td><a href=\"portaltransparencia2023\/leis2023\/1339.pdf\">1339<\/a><\/td><td><p>Altera a Lei Municipal 1327 de 23 de dezembro de 2022 e d\u00e1 outras provid\u00eancias.<\/p><\/td><\/tr><tr><td><a href=\"portaltransparencia2023\/leis2023\/1338.pdf\">1338<\/a><\/td><td>Institui a pol\u00edtica municipal de incentivo \u00e0 pr\u00e1tica de esporte para idosos.<\/td><\/tr><tr><td><a href=\"portaltransparencia2023\/leis2023\/1337.pdf\">1337<\/a><\/td><td>Autoriza abertura de cr\u00e9dito especial no or\u00e7amento do munic\u00edpio e d\u00e1 outras provid\u00eancias.<\/td><\/tr><tr><td><a href=\"portaltransparencia2023\/leis2023\/1336.pdf\">1336<\/a><\/td><td><p>Denomina quadra de futsal Ad\u00e3o Pereira dos Reis a Quadra a ser constru\u00edda na \u00e1rea de terreno de dom\u00ednio do distrito de S\u00e3o Vicente, munic\u00edpio de Baldim e d\u00e1 outras provid\u00eancias.<\/p><\/td><\/tr><tr><td><a href=\"portaltransparencia2023\/leis2023\/1335.pdf\">1335<\/a><\/td><td><p>Altera a lei complementar n\u00b01331 de 05 de maio de 2023.<\/p><\/td><\/tr><tr><td><a href=\"portaltransparencia2023\/leis2023\/1334.pdf\">1334<\/a><\/td><td><p>Autoriza reajuste do vencimento base dos professores e d\u00e1 outras provid\u00eancias.<\/p><\/td><\/tr><tr><td><a href=\"portaltransparencia2023\/leis2023\/1333.pdf\">1333<\/a><\/td><td>Autoriza abertura de cr\u00e9dito especial no or\u00e7amento do munic\u00edpio e d\u00e1 outras provid\u00eancias.<\/td><\/tr><tr><td><a href=\"portaltransparencia2023\/leis2023\/1332.pdf\">1332<\/a><\/td><td>Altera dispositivos da Lei Municipal n\u00b0:1312, que cria o &#8220;Programa M\u00fasica no Munic\u00edpio de Baldim&#8221; e d\u00e1 outras provid\u00eancias.<\/td><\/tr><tr><td><a href=\"portaltransparencia2023\/leis2023\/1331.pdf\">1331<\/a><\/td><td>Altera a Lei complementar n\u00b01059 de 15 de Dezembro de 211 e da outras provid\u00eancias.<\/td><\/tr><tr><td><a href=\"portaltransparencia2023\/leis2023\/1330.pdf\">1330<\/a><\/td><td><p>Institui ajuda de custo para medico (s) participante (s) do programa m\u00e9dicos pelo Brasil (PMPB) no \u00e2mbito do Munic\u00edpio de Baldim\/MG, e d\u00e1 outras provid\u00eancias.\u00a0<\/p><\/td><\/tr><tr><td><a href=\"portaltransparencia2023\/leis2023\/1329.pdf\">1329<\/a><\/td><td><p>Altera a lei complementar N\u00ba 1059 de 15 de Dezembro de 2011 e d\u00e1 outras provid\u00eancias.<\/p><\/td><\/tr><tr><td><a href=\"portaltransparencia2023\/leis2023\/1328.pdf\">1328<\/a><\/td><td><p>Altera a destina\u00e7\u00e3o de parte da Pra\u00e7a Maria da Cunha, Criada pela Lei Municipal N\u00ba 1025\/2011 para constru\u00e7\u00e3o de uma capela vel\u00f3rio do povoado de Vargem Grande da Serra no Mun\u00edcipio de Baldim\/MG.<\/p><\/td><\/tr><tr><td><a href=\"portaltransparencia2023\/leis2023\/1327.pdf\">1327<\/a><\/td><td>Altoriza abertura de cr\u00e9dito pessoal no or\u00e7amento do Munic\u00edpio e d\u00e1 outras provid\u00eancias.<\/td><\/tr><\/tbody><\/table>\t\t\t\t\t\t<\/div>\n\t\t\t\t<\/div>\n\t\t\t\t\t<\/div>\n\t\t<\/div>\n\t\t\t\t\t\t\t<\/div>\n\t\t<\/section>\n\t\t\t\t\t\t<\/div>\n\t\t\t\t\t<\/div>\n\t\t","protected":false},"excerpt":{"rendered":"<p>\u00a0 1350 Institui a Semana Municipal da Consci\u00eancia Negra no \u00e2mbito do munic\u00edpio de Baldim e d\u00e1 outras provid\u00eancias. 1349 Autoriza abertura de cr\u00e9dito adicional suplementar no or\u00e7amento de 2023 e d\u00e1<a class=\"moretag\" href=\"https:\/\/baldim.mg.gov.br\/wsite\/?page_id=2829\">leia mais<\/a><\/p>\n","protected":false},"author":2,"featured_media":0,"parent":0,"menu_order":0,"comment_status":"closed","ping_status":"closed","template":"","meta":{"footnotes":""},"class_list":["post-2829","page","type-page","status-publish","hentry"],"_links":{"self":[{"href":"https:\/\/baldim.mg.gov.br\/wsite\/index.php?rest_route=\/wp\/v2\/pages\/2829","targetHints":{"allow":["GET"]}}],"collection":[{"href":"https:\/\/baldim.mg.gov.br\/wsite\/index.php?rest_route=\/wp\/v2\/pages"}],"about":[{"href":"https:\/\/baldim.mg.gov.br\/wsite\/index.php?rest_route=\/wp\/v2\/types\/page"}],"author":[{"embeddable":true,"href":"https:\/\/baldim.mg.gov.br\/wsite\/index.php?rest_route=\/wp\/v2\/users\/2"}],"replies":[{"embeddable":true,"href":"https:\/\/baldim.mg.gov.br\/wsite\/index.php?rest_route=%2Fwp%2Fv2%2Fcomments&post=2829"}],"version-history":[{"count":7,"href":"https:\/\/baldim.mg.gov.br\/wsite\/index.php?rest_route=\/wp\/v2\/pages\/2829\/revisions"}],"predecessor-version":[{"id":3041,"href":"https:\/\/baldim.mg.gov.br\/wsite\/index.php?rest_route=\/wp\/v2\/pages\/2829\/revisions\/3041"}],"wp:attachment":[{"href":"https:\/\/baldim.mg.gov.br\/wsite\/index.php?rest_route=%2Fwp%2Fv2%2Fmedia&parent=2829"}],"curies":[{"name":"wp","href":"https:\/\/api.w.org\/{rel}","templated":true}]}}